{"id":583521,"date":"2023-05-11T01:45:23","date_gmt":"2023-05-11T07:45:23","guid":{"rendered":"https:\/\/www.diarioimagen.net\/wp-content\/uploads\/2023\/05\/amlo-3.jpg"},"modified":"2023-05-11T01:45:35","modified_gmt":"2023-05-11T07:45:35","slug":"amlo-376","status":"inherit","type":"attachment","link":"https:\/\/www.diarioimagen.net\/?attachment_id=583521","title":{"rendered":"amlo"},"author":3,"featured_media":0,"comment_status":"open","ping_status":"closed","template":"","meta":{"_monsterinsights_skip_tracking":false,"_monsterinsights_sitenote_active":false,"_monsterinsights_sitenote_note":"","_monsterinsights_sitenote_category":0},"class_list":["post-583521","attachment","type-attachment","status-inherit","hentry"],"description":{"rendered":"<p class=\"attachment\"><a href='https:\/\/www.diarioimagen.net\/wp-content\/uploads\/2023\/05\/amlo-3.jpg'><img loading=\"lazy\" decoding=\"async\" width=\"240\" height=\"141\" src=\"https:\/\/www.diarioimagen.net\/wp-content\/uploads\/2023\/05\/amlo-3.jpg\" class=\"attachment-medium size-medium\" alt=\"\" \/><\/a><\/p>\n"},"caption":{"rendered":"<p>El presidente Andr\u00e9s Manuel L\u00f3pez Obrador afirm\u00f3 que no desaparecer\u00e1 la secci\u00f3n \u201cQui\u00e9n es qui\u00e9n en las mentiras\u201d de su ma\u00f1anera, tras cr\u00edticas de la CIDH.<\/p>\n"},"alt_text":"","media_type":"image","mime_type":"image\/jpeg","media_details":{"width":460,"height":270,"file":"2023\/05\/amlo-3.jpg","filesize":47850,"sizes":{},"image_meta":{"aperture":"0","credit":"","camera":"","caption":"","created_timestamp":"0","copyright":"","focal_length":"0","iso":"0","shutter_speed":"0","title":"","orientation":"0","keywords":[]}},"post":583406,"source_url":"https:\/\/www.diarioimagen.net\/wp-content\/uploads\/2023\/05\/amlo-3.jpg","_links":{"self":[{"href":"https:\/\/www.diarioimagen.net\/index.php?rest_route=\/wp\/v2\/media\/583521","targetHints":{"allow":["GET"]}}],"collection":[{"href":"https:\/\/www.diarioimagen.net\/index.php?rest_route=\/wp\/v2\/media"}],"about":[{"href":"https:\/\/www.diarioimagen.net\/index.php?rest_route=\/wp\/v2\/types\/attachment"}],"author":[{"embeddable":true,"href":"https:\/\/www.diarioimagen.net\/index.php?rest_route=\/wp\/v2\/users\/3"}],"replies":[{"embeddable":true,"href":"https:\/\/www.diarioimagen.net\/index.php?rest_route=%2Fwp%2Fv2%2Fcomments&post=583521"}]}}

<p>El presidente Andrés Manuel López Obrador afirmó que no desaparecerá la sección “Quién es quién en las mentiras” de su mañanera, tras críticas de la CIDH.</p>
