{"id":584361,"date":"2023-05-19T03:27:37","date_gmt":"2023-05-19T09:27:37","guid":{"rendered":"https:\/\/www.diarioimagen.net\/wp-content\/uploads\/2023\/05\/tribunal-incifo.jpg"},"modified":"2023-05-19T03:27:42","modified_gmt":"2023-05-19T09:27:42","slug":"tribunal-incifo-2","status":"inherit","type":"attachment","link":"https:\/\/www.diarioimagen.net\/?attachment_id=584361","title":{"rendered":"tribunal-incifo"},"author":3,"featured_media":0,"comment_status":"open","ping_status":"closed","template":"","meta":{"_monsterinsights_skip_tracking":false,"_monsterinsights_sitenote_active":false,"_monsterinsights_sitenote_note":"","_monsterinsights_sitenote_category":0},"class_list":["post-584361","attachment","type-attachment","status-inherit","hentry"],"description":{"rendered":"<p class=\"attachment\"><a href='https:\/\/www.diarioimagen.net\/wp-content\/uploads\/2023\/05\/tribunal-incifo.jpg'><img loading=\"lazy\" decoding=\"async\" width=\"240\" height=\"141\" src=\"https:\/\/www.diarioimagen.net\/wp-content\/uploads\/2023\/05\/tribunal-incifo.jpg\" class=\"attachment-medium size-medium\" alt=\"\" \/><\/a><\/p>\n"},"caption":{"rendered":"<p>La presencia de estudiantes en el Incifo es previa solicitud de la instituci\u00f3n acad\u00e9mica que imparta licenciaturas o postgrados afines a la medicina forense, entre \u00e9stas, derecho, criminal\u00edstica, criminolog\u00eda, medicina forense y\/o legal, ciencias forenses y enfermer\u00eda.<\/p>\n"},"alt_text":"","media_type":"image","mime_type":"image\/jpeg","media_details":{"width":460,"height":270,"file":"2023\/05\/tribunal-incifo.jpg","filesize":91776,"sizes":{},"image_meta":{"aperture":"0","credit":"","camera":"","caption":"","created_timestamp":"0","copyright":"","focal_length":"0","iso":"0","shutter_speed":"0","title":"","orientation":"0","keywords":[]}},"post":584244,"source_url":"https:\/\/www.diarioimagen.net\/wp-content\/uploads\/2023\/05\/tribunal-incifo.jpg","_links":{"self":[{"href":"https:\/\/www.diarioimagen.net\/index.php?rest_route=\/wp\/v2\/media\/584361","targetHints":{"allow":["GET"]}}],"collection":[{"href":"https:\/\/www.diarioimagen.net\/index.php?rest_route=\/wp\/v2\/media"}],"about":[{"href":"https:\/\/www.diarioimagen.net\/index.php?rest_route=\/wp\/v2\/types\/attachment"}],"author":[{"embeddable":true,"href":"https:\/\/www.diarioimagen.net\/index.php?rest_route=\/wp\/v2\/users\/3"}],"replies":[{"embeddable":true,"href":"https:\/\/www.diarioimagen.net\/index.php?rest_route=%2Fwp%2Fv2%2Fcomments&post=584361"}]}}

<p>La presencia de estudiantes en el Incifo es previa solicitud de la institución académica que imparta licenciaturas o postgrados afines a la medicina forense, entre éstas, derecho, criminalística, criminología, medicina forense y/o legal, ciencias forenses y enfermería.</p>
