{"id":584670,"date":"2023-05-23T01:45:50","date_gmt":"2023-05-23T07:45:50","guid":{"rendered":"https:\/\/www.diarioimagen.net\/wp-content\/uploads\/2023\/05\/popo.jpg"},"modified":"2023-05-23T01:45:57","modified_gmt":"2023-05-23T07:45:57","slug":"popo","status":"inherit","type":"attachment","link":"https:\/\/www.diarioimagen.net\/?attachment_id=584670","title":{"rendered":"popo"},"author":3,"featured_media":0,"comment_status":"open","ping_status":"closed","template":"","meta":{"_monsterinsights_skip_tracking":false,"_monsterinsights_sitenote_active":false,"_monsterinsights_sitenote_note":"","_monsterinsights_sitenote_category":0},"class_list":["post-584670","attachment","type-attachment","status-inherit","hentry"],"description":{"rendered":"<p class=\"attachment\"><a href='https:\/\/www.diarioimagen.net\/wp-content\/uploads\/2023\/05\/popo.jpg'><img loading=\"lazy\" decoding=\"async\" width=\"240\" height=\"141\" src=\"https:\/\/www.diarioimagen.net\/wp-content\/uploads\/2023\/05\/popo.jpg\" class=\"attachment-medium size-medium\" alt=\"\" \/><\/a><\/p>\n"},"caption":{"rendered":"<p>Conforman la Fuerza de Tarea Conjunta Popocat\u00e9petl, elementos de Guardia Nacional, Ej\u00e9rcito y Fuerza A\u00e9rea Mexicanos en coordinaci\u00f3n con las autoridades de Protecci\u00f3n Civil de los tres \u00f3rdenes de gobierno.<\/p>\n"},"alt_text":"","media_type":"image","mime_type":"image\/jpeg","media_details":{"width":460,"height":270,"file":"2023\/05\/popo.jpg","filesize":58185,"sizes":{},"image_meta":{"aperture":"0","credit":"","camera":"","caption":"","created_timestamp":"0","copyright":"","focal_length":"0","iso":"0","shutter_speed":"0","title":"","orientation":"0","keywords":[]}},"post":584574,"source_url":"https:\/\/www.diarioimagen.net\/wp-content\/uploads\/2023\/05\/popo.jpg","_links":{"self":[{"href":"https:\/\/www.diarioimagen.net\/index.php?rest_route=\/wp\/v2\/media\/584670","targetHints":{"allow":["GET"]}}],"collection":[{"href":"https:\/\/www.diarioimagen.net\/index.php?rest_route=\/wp\/v2\/media"}],"about":[{"href":"https:\/\/www.diarioimagen.net\/index.php?rest_route=\/wp\/v2\/types\/attachment"}],"author":[{"embeddable":true,"href":"https:\/\/www.diarioimagen.net\/index.php?rest_route=\/wp\/v2\/users\/3"}],"replies":[{"embeddable":true,"href":"https:\/\/www.diarioimagen.net\/index.php?rest_route=%2Fwp%2Fv2%2Fcomments&post=584670"}]}}

<p>Conforman la Fuerza de Tarea Conjunta Popocatépetl, elementos de Guardia Nacional, Ejército y Fuerza Aérea Mexicanos en coordinación con las autoridades de Protección Civil de los tres órdenes de gobierno.</p>
