{"id":584828,"date":"2023-05-24T02:33:09","date_gmt":"2023-05-24T08:33:09","guid":{"rendered":"https:\/\/www.diarioimagen.net\/wp-content\/uploads\/2023\/05\/uaem-estudiantes-gastronomia.jpg"},"modified":"2023-05-24T02:33:13","modified_gmt":"2023-05-24T08:33:13","slug":"uaem-estudiantes-gastronomia","status":"inherit","type":"attachment","link":"https:\/\/www.diarioimagen.net\/?attachment_id=584828","title":{"rendered":"uaem-estudiantes-gastronomia"},"author":3,"featured_media":0,"comment_status":"open","ping_status":"closed","template":"","meta":{"_monsterinsights_skip_tracking":false,"_monsterinsights_sitenote_active":false,"_monsterinsights_sitenote_note":"","_monsterinsights_sitenote_category":0},"class_list":["post-584828","attachment","type-attachment","status-inherit","hentry"],"description":{"rendered":"<p class=\"attachment\"><a href='https:\/\/www.diarioimagen.net\/wp-content\/uploads\/2023\/05\/uaem-estudiantes-gastronomia.jpg'><img loading=\"lazy\" decoding=\"async\" width=\"240\" height=\"141\" src=\"https:\/\/www.diarioimagen.net\/wp-content\/uploads\/2023\/05\/uaem-estudiantes-gastronomia.jpg\" class=\"attachment-medium size-medium\" alt=\"\" \/><\/a><\/p>\n"},"caption":{"rendered":"<p>Los estudiantes de Gastronom\u00eda de la UAEM\u00e9x, Yoshua Enrique Hern\u00e1ndez Calva, Cristopher Nain Mart\u00ednez Polanco, Sarai Paz Duarte y Andr\u00e9s Mart\u00ednez de la Cruz -bajo la coordinaci\u00f3n del chef \u00d3scar Zavala Atilano-, ganaron el segundo lugar nacional en el Paella Fest 2023.<\/p>\n"},"alt_text":"","media_type":"image","mime_type":"image\/jpeg","media_details":{"width":460,"height":270,"file":"2023\/05\/uaem-estudiantes-gastronomia.jpg","filesize":61569,"sizes":{},"image_meta":{"aperture":"0","credit":"","camera":"","caption":"","created_timestamp":"0","copyright":"","focal_length":"0","iso":"0","shutter_speed":"0","title":"","orientation":"0","keywords":[]}},"post":584717,"source_url":"https:\/\/www.diarioimagen.net\/wp-content\/uploads\/2023\/05\/uaem-estudiantes-gastronomia.jpg","_links":{"self":[{"href":"https:\/\/www.diarioimagen.net\/index.php?rest_route=\/wp\/v2\/media\/584828","targetHints":{"allow":["GET"]}}],"collection":[{"href":"https:\/\/www.diarioimagen.net\/index.php?rest_route=\/wp\/v2\/media"}],"about":[{"href":"https:\/\/www.diarioimagen.net\/index.php?rest_route=\/wp\/v2\/types\/attachment"}],"author":[{"embeddable":true,"href":"https:\/\/www.diarioimagen.net\/index.php?rest_route=\/wp\/v2\/users\/3"}],"replies":[{"embeddable":true,"href":"https:\/\/www.diarioimagen.net\/index.php?rest_route=%2Fwp%2Fv2%2Fcomments&post=584828"}]}}

<p>Los estudiantes de Gastronomía de la UAEMéx, Yoshua Enrique Hernández Calva, Cristopher Nain Martínez Polanco, Sarai Paz Duarte y Andrés Martínez de la Cruz -bajo la coordinación del chef Óscar Zavala Atilano-, ganaron el segundo lugar nacional en el Paella Fest 2023.</p>
