{"id":584987,"date":"2023-05-25T01:24:59","date_gmt":"2023-05-25T07:24:59","guid":{"rendered":"https:\/\/www.diarioimagen.net\/wp-content\/uploads\/2023\/05\/las-del-edomex.jpg"},"modified":"2023-05-25T01:25:04","modified_gmt":"2023-05-25T07:25:04","slug":"las-del-edomex","status":"inherit","type":"attachment","link":"https:\/\/www.diarioimagen.net\/?attachment_id=584987","title":{"rendered":"las-del-edomex"},"author":3,"featured_media":0,"comment_status":"open","ping_status":"closed","template":"","meta":{"_monsterinsights_skip_tracking":false,"_monsterinsights_sitenote_active":false,"_monsterinsights_sitenote_note":"","_monsterinsights_sitenote_category":0},"class_list":["post-584987","attachment","type-attachment","status-inherit","hentry"],"description":{"rendered":"<p class=\"attachment\"><a href='https:\/\/www.diarioimagen.net\/wp-content\/uploads\/2023\/05\/las-del-edomex.jpg'><img loading=\"lazy\" decoding=\"async\" width=\"240\" height=\"141\" src=\"https:\/\/www.diarioimagen.net\/wp-content\/uploads\/2023\/05\/las-del-edomex.jpg\" class=\"attachment-medium size-medium\" alt=\"\" \/><\/a><\/p>\n"},"caption":{"rendered":"<p>Leticia Victoria Tavira, presidenta del Tribunal Electoral del Estado de M\u00e9xico (TEEM), estima que este proceso electoral ser\u00e1 el m\u00e1s impugnado de la historia.<\/p>\n"},"alt_text":"","media_type":"image","mime_type":"image\/jpeg","media_details":{"width":460,"height":270,"file":"2023\/05\/las-del-edomex.jpg","filesize":43753,"sizes":{},"image_meta":{"aperture":"0","credit":"","camera":"","caption":"","created_timestamp":"0","copyright":"","focal_length":"0","iso":"0","shutter_speed":"0","title":"","orientation":"0","keywords":[]}},"post":584890,"source_url":"https:\/\/www.diarioimagen.net\/wp-content\/uploads\/2023\/05\/las-del-edomex.jpg","_links":{"self":[{"href":"https:\/\/www.diarioimagen.net\/index.php?rest_route=\/wp\/v2\/media\/584987","targetHints":{"allow":["GET"]}}],"collection":[{"href":"https:\/\/www.diarioimagen.net\/index.php?rest_route=\/wp\/v2\/media"}],"about":[{"href":"https:\/\/www.diarioimagen.net\/index.php?rest_route=\/wp\/v2\/types\/attachment"}],"author":[{"embeddable":true,"href":"https:\/\/www.diarioimagen.net\/index.php?rest_route=\/wp\/v2\/users\/3"}],"replies":[{"embeddable":true,"href":"https:\/\/www.diarioimagen.net\/index.php?rest_route=%2Fwp%2Fv2%2Fcomments&post=584987"}]}}

<p>Leticia Victoria Tavira, presidenta del Tribunal Electoral del Estado de México (TEEM), estima que este proceso electoral será el más impugnado de la historia.</p>
