{"id":585145,"date":"2023-05-26T02:21:57","date_gmt":"2023-05-26T08:21:57","guid":{"rendered":"https:\/\/www.diarioimagen.net\/wp-content\/uploads\/2023\/05\/SOLICITUDES-DE-ASILO.jpg"},"modified":"2023-05-26T02:22:01","modified_gmt":"2023-05-26T08:22:01","slug":"solicitudes-de-asilo","status":"inherit","type":"attachment","link":"https:\/\/www.diarioimagen.net\/?attachment_id=585145","title":{"rendered":"SOLICITUDES-DE-ASILO"},"author":3,"featured_media":0,"comment_status":"open","ping_status":"closed","template":"","meta":{"_monsterinsights_skip_tracking":false,"_monsterinsights_sitenote_active":false,"_monsterinsights_sitenote_note":"","_monsterinsights_sitenote_category":0},"class_list":["post-585145","attachment","type-attachment","status-inherit","hentry"],"description":{"rendered":"<p class=\"attachment\"><a href='https:\/\/www.diarioimagen.net\/wp-content\/uploads\/2023\/05\/SOLICITUDES-DE-ASILO.jpg'><img loading=\"lazy\" decoding=\"async\" width=\"240\" height=\"141\" src=\"https:\/\/www.diarioimagen.net\/wp-content\/uploads\/2023\/05\/SOLICITUDES-DE-ASILO.jpg\" class=\"attachment-medium size-medium\" alt=\"\" \/><\/a><\/p>\n"},"caption":{"rendered":"<p>Se ha documentado \u201cuna intensidad nunca antes vista\u201d de solicitudes de refugio y por primera ocasi\u00f3n se est\u00e1n registrando m\u00e1s casos en la Ciudad de M\u00e9xico que en Tapachula.<\/p>\n"},"alt_text":"","media_type":"image","mime_type":"image\/jpeg","media_details":{"width":460,"height":270,"file":"2023\/05\/SOLICITUDES-DE-ASILO.jpg","filesize":80507,"sizes":{},"image_meta":{"aperture":"0","credit":"","camera":"","caption":"","created_timestamp":"0","copyright":"","focal_length":"0","iso":"0","shutter_speed":"0","title":"","orientation":"0","keywords":[]}},"post":585010,"source_url":"https:\/\/www.diarioimagen.net\/wp-content\/uploads\/2023\/05\/SOLICITUDES-DE-ASILO.jpg","_links":{"self":[{"href":"https:\/\/www.diarioimagen.net\/index.php?rest_route=\/wp\/v2\/media\/585145","targetHints":{"allow":["GET"]}}],"collection":[{"href":"https:\/\/www.diarioimagen.net\/index.php?rest_route=\/wp\/v2\/media"}],"about":[{"href":"https:\/\/www.diarioimagen.net\/index.php?rest_route=\/wp\/v2\/types\/attachment"}],"author":[{"embeddable":true,"href":"https:\/\/www.diarioimagen.net\/index.php?rest_route=\/wp\/v2\/users\/3"}],"replies":[{"embeddable":true,"href":"https:\/\/www.diarioimagen.net\/index.php?rest_route=%2Fwp%2Fv2%2Fcomments&post=585145"}]}}

<p>Se ha documentado “una intensidad nunca antes vista” de solicitudes de refugio y por primera ocasión se están registrando más casos en la Ciudad de México que en Tapachula.</p>
