{"id":585736,"date":"2023-06-01T01:14:25","date_gmt":"2023-06-01T07:14:25","guid":{"rendered":"https:\/\/www.diarioimagen.net\/wp-content\/uploads\/2023\/06\/Derecho.jpg"},"modified":"2023-06-01T01:14:30","modified_gmt":"2023-06-01T07:14:30","slug":"derecho-660","status":"inherit","type":"attachment","link":"https:\/\/www.diarioimagen.net\/?attachment_id=585736","title":{"rendered":"Derecho"},"author":3,"featured_media":0,"comment_status":"open","ping_status":"closed","template":"","meta":{"_monsterinsights_skip_tracking":false,"_monsterinsights_sitenote_active":false,"_monsterinsights_sitenote_note":"","_monsterinsights_sitenote_category":0},"class_list":["post-585736","attachment","type-attachment","status-inherit","hentry"],"description":{"rendered":"<p class=\"attachment\"><a href='https:\/\/www.diarioimagen.net\/wp-content\/uploads\/2023\/06\/Derecho.jpg'><img loading=\"lazy\" decoding=\"async\" width=\"240\" height=\"141\" src=\"https:\/\/www.diarioimagen.net\/wp-content\/uploads\/2023\/06\/Derecho.jpg\" class=\"attachment-medium size-medium\" alt=\"\" \/><\/a><\/p>\n"},"caption":{"rendered":"<p>Se ha cumplido un a\u00f1o del decreto presidencial que proh\u00edbe la circulaci\u00f3n y comercializaci\u00f3n de vapeadores.<\/p>\n"},"alt_text":"","media_type":"image","mime_type":"image\/jpeg","media_details":{"width":460,"height":270,"file":"2023\/06\/Derecho.jpg","filesize":40131,"sizes":{},"image_meta":{"aperture":"0","credit":"","camera":"","caption":"","created_timestamp":"0","copyright":"","focal_length":"0","iso":"0","shutter_speed":"0","title":"","orientation":"0","keywords":[]}},"post":585661,"source_url":"https:\/\/www.diarioimagen.net\/wp-content\/uploads\/2023\/06\/Derecho.jpg","_links":{"self":[{"href":"https:\/\/www.diarioimagen.net\/index.php?rest_route=\/wp\/v2\/media\/585736","targetHints":{"allow":["GET"]}}],"collection":[{"href":"https:\/\/www.diarioimagen.net\/index.php?rest_route=\/wp\/v2\/media"}],"about":[{"href":"https:\/\/www.diarioimagen.net\/index.php?rest_route=\/wp\/v2\/types\/attachment"}],"author":[{"embeddable":true,"href":"https:\/\/www.diarioimagen.net\/index.php?rest_route=\/wp\/v2\/users\/3"}],"replies":[{"embeddable":true,"href":"https:\/\/www.diarioimagen.net\/index.php?rest_route=%2Fwp%2Fv2%2Fcomments&post=585736"}]}}

<p>Se ha cumplido un año del decreto presidencial que prohíbe la circulación y comercialización de vapeadores.</p>
