{"id":586285,"date":"2023-06-07T01:59:13","date_gmt":"2023-06-07T07:59:13","guid":{"rendered":"https:\/\/www.diarioimagen.net\/wp-content\/uploads\/2023\/06\/Derecho-3.jpg"},"modified":"2023-06-07T01:59:17","modified_gmt":"2023-06-07T07:59:17","slug":"derecho-663","status":"inherit","type":"attachment","link":"https:\/\/www.diarioimagen.net\/?attachment_id=586285","title":{"rendered":"Derecho"},"author":3,"featured_media":0,"comment_status":"open","ping_status":"closed","template":"","meta":{"_monsterinsights_skip_tracking":false,"_monsterinsights_sitenote_active":false,"_monsterinsights_sitenote_note":"","_monsterinsights_sitenote_category":0},"class_list":["post-586285","attachment","type-attachment","status-inherit","hentry"],"description":{"rendered":"<p class=\"attachment\"><a href='https:\/\/www.diarioimagen.net\/wp-content\/uploads\/2023\/06\/Derecho-3.jpg'><img loading=\"lazy\" decoding=\"async\" width=\"240\" height=\"141\" src=\"https:\/\/www.diarioimagen.net\/wp-content\/uploads\/2023\/06\/Derecho-3.jpg\" class=\"attachment-medium size-medium\" alt=\"\" \/><\/a><\/p>\n"},"caption":{"rendered":"<p>Ver\u00f3nica Lezama Espinosa, presidenta honoraria del DIF estatal, inaugur\u00f3 un m\u00f3dulo de la panader\u00eda con causa \u201cLa Familia\u201d en el andador H\u00e9roes de la Explanada de la Bandera.<\/p>\n"},"alt_text":"","media_type":"image","mime_type":"image\/jpeg","media_details":{"width":460,"height":270,"file":"2023\/06\/Derecho-3.jpg","filesize":84825,"sizes":{},"image_meta":{"aperture":"0","credit":"","camera":"","caption":"","created_timestamp":"0","copyright":"","focal_length":"0","iso":"0","shutter_speed":"0","title":"","orientation":"0","keywords":[]}},"post":586221,"source_url":"https:\/\/www.diarioimagen.net\/wp-content\/uploads\/2023\/06\/Derecho-3.jpg","_links":{"self":[{"href":"https:\/\/www.diarioimagen.net\/index.php?rest_route=\/wp\/v2\/media\/586285","targetHints":{"allow":["GET"]}}],"collection":[{"href":"https:\/\/www.diarioimagen.net\/index.php?rest_route=\/wp\/v2\/media"}],"about":[{"href":"https:\/\/www.diarioimagen.net\/index.php?rest_route=\/wp\/v2\/types\/attachment"}],"author":[{"embeddable":true,"href":"https:\/\/www.diarioimagen.net\/index.php?rest_route=\/wp\/v2\/users\/3"}],"replies":[{"embeddable":true,"href":"https:\/\/www.diarioimagen.net\/index.php?rest_route=%2Fwp%2Fv2%2Fcomments&post=586285"}]}}

<p>Verónica Lezama Espinosa, presidenta honoraria del DIF estatal, inauguró un módulo de la panadería con causa “La Familia” en el andador Héroes de la Explanada de la Bandera.</p>
