{"id":586582,"date":"2023-06-09T03:08:20","date_gmt":"2023-06-09T09:08:20","guid":{"rendered":"https:\/\/www.diarioimagen.net\/wp-content\/uploads\/2023\/06\/trabajo-infantil.jpg"},"modified":"2023-06-09T03:08:24","modified_gmt":"2023-06-09T09:08:24","slug":"trabajo-infantil","status":"inherit","type":"attachment","link":"https:\/\/www.diarioimagen.net\/?attachment_id=586582","title":{"rendered":"trabajo-infantil"},"author":3,"featured_media":0,"comment_status":"open","ping_status":"closed","template":"","meta":{"_monsterinsights_skip_tracking":false,"_monsterinsights_sitenote_active":false,"_monsterinsights_sitenote_note":"","_monsterinsights_sitenote_category":0},"class_list":["post-586582","attachment","type-attachment","status-inherit","hentry"],"description":{"rendered":"<p class=\"attachment\"><a href='https:\/\/www.diarioimagen.net\/wp-content\/uploads\/2023\/06\/trabajo-infantil.jpg'><img loading=\"lazy\" decoding=\"async\" width=\"240\" height=\"141\" src=\"https:\/\/www.diarioimagen.net\/wp-content\/uploads\/2023\/06\/trabajo-infantil.jpg\" class=\"attachment-medium size-medium\" alt=\"\" \/><\/a><\/p>\n"},"caption":{"rendered":"<p>El Instituto Belisario Dom\u00ednguez revel\u00f3 que en M\u00e9xico 3.2 millones menores de edad se encuentran en situaci\u00f3n de trabajo infantil, de los cuales dos millones lo hacen en ocupaci\u00f3n no permitida.<\/p>\n"},"alt_text":"","media_type":"image","mime_type":"image\/jpeg","media_details":{"width":460,"height":270,"file":"2023\/06\/trabajo-infantil.jpg","filesize":70444,"sizes":{},"image_meta":{"aperture":"0","credit":"","camera":"","caption":"","created_timestamp":"0","copyright":"","focal_length":"0","iso":"0","shutter_speed":"0","title":"","orientation":"0","keywords":[]}},"post":586507,"source_url":"https:\/\/www.diarioimagen.net\/wp-content\/uploads\/2023\/06\/trabajo-infantil.jpg","_links":{"self":[{"href":"https:\/\/www.diarioimagen.net\/index.php?rest_route=\/wp\/v2\/media\/586582","targetHints":{"allow":["GET"]}}],"collection":[{"href":"https:\/\/www.diarioimagen.net\/index.php?rest_route=\/wp\/v2\/media"}],"about":[{"href":"https:\/\/www.diarioimagen.net\/index.php?rest_route=\/wp\/v2\/types\/attachment"}],"author":[{"embeddable":true,"href":"https:\/\/www.diarioimagen.net\/index.php?rest_route=\/wp\/v2\/users\/3"}],"replies":[{"embeddable":true,"href":"https:\/\/www.diarioimagen.net\/index.php?rest_route=%2Fwp%2Fv2%2Fcomments&post=586582"}]}}

<p>El Instituto Belisario Domínguez reveló que en México 3.2 millones menores de edad se encuentran en situación de trabajo infantil, de los cuales dos millones lo hacen en ocupación no permitida.</p>
