{"id":586901,"date":"2023-06-13T02:04:59","date_gmt":"2023-06-13T08:04:59","guid":{"rendered":"https:\/\/www.diarioimagen.net\/wp-content\/uploads\/2023\/06\/mara.jpg"},"modified":"2023-06-13T02:05:06","modified_gmt":"2023-06-13T08:05:06","slug":"mara-5","status":"inherit","type":"attachment","link":"https:\/\/www.diarioimagen.net\/?attachment_id=586901","title":{"rendered":"mara"},"author":3,"featured_media":0,"comment_status":"open","ping_status":"closed","template":"","meta":{"_monsterinsights_skip_tracking":false,"_monsterinsights_sitenote_active":false,"_monsterinsights_sitenote_note":"","_monsterinsights_sitenote_category":0},"class_list":["post-586901","attachment","type-attachment","status-inherit","hentry"],"description":{"rendered":"<p class=\"attachment\"><a href='https:\/\/www.diarioimagen.net\/wp-content\/uploads\/2023\/06\/mara.jpg'><img loading=\"lazy\" decoding=\"async\" width=\"240\" height=\"141\" src=\"https:\/\/www.diarioimagen.net\/wp-content\/uploads\/2023\/06\/mara.jpg\" class=\"attachment-medium size-medium\" alt=\"\" \/><\/a><\/p>\n"},"caption":{"rendered":"<p>En la presentaci\u00f3n de los avances del tramo 4 del Tren Maya, en la ma\u00f1anera, Mara Lezama anunci\u00f3 que a partir de agosto m\u00e1s de 200 j\u00f3venes podr\u00e1n prepararse en materia ferroviaria.<\/p>\n"},"alt_text":"","media_type":"image","mime_type":"image\/jpeg","media_details":{"width":460,"height":270,"file":"2023\/06\/mara.jpg","filesize":70583,"sizes":{},"image_meta":{"aperture":"0","credit":"","camera":"","caption":"","created_timestamp":"0","copyright":"","focal_length":"0","iso":"0","shutter_speed":"0","title":"","orientation":"0","keywords":[]}},"post":586815,"source_url":"https:\/\/www.diarioimagen.net\/wp-content\/uploads\/2023\/06\/mara.jpg","_links":{"self":[{"href":"https:\/\/www.diarioimagen.net\/index.php?rest_route=\/wp\/v2\/media\/586901","targetHints":{"allow":["GET"]}}],"collection":[{"href":"https:\/\/www.diarioimagen.net\/index.php?rest_route=\/wp\/v2\/media"}],"about":[{"href":"https:\/\/www.diarioimagen.net\/index.php?rest_route=\/wp\/v2\/types\/attachment"}],"author":[{"embeddable":true,"href":"https:\/\/www.diarioimagen.net\/index.php?rest_route=\/wp\/v2\/users\/3"}],"replies":[{"embeddable":true,"href":"https:\/\/www.diarioimagen.net\/index.php?rest_route=%2Fwp%2Fv2%2Fcomments&post=586901"}]}}

<p>En la presentación de los avances del tramo 4 del Tren Maya, en la mañanera, Mara Lezama anunció que a partir de agosto más de 200 jóvenes podrán prepararse en materia ferroviaria.</p>
