{"id":587040,"date":"2023-06-14T02:22:41","date_gmt":"2023-06-14T08:22:41","guid":{"rendered":"https:\/\/www.diarioimagen.net\/wp-content\/uploads\/2023\/06\/uaem-sangre.jpg"},"modified":"2023-06-14T02:23:01","modified_gmt":"2023-06-14T08:23:01","slug":"uaem-sangre","status":"inherit","type":"attachment","link":"https:\/\/www.diarioimagen.net\/?attachment_id=587040","title":{"rendered":"uaem-sangre"},"author":3,"featured_media":0,"comment_status":"open","ping_status":"closed","template":"","meta":{"_monsterinsights_skip_tracking":false,"_monsterinsights_sitenote_active":false,"_monsterinsights_sitenote_note":"","_monsterinsights_sitenote_category":0},"class_list":["post-587040","attachment","type-attachment","status-inherit","hentry"],"description":{"rendered":"<p class=\"attachment\"><a href='https:\/\/www.diarioimagen.net\/wp-content\/uploads\/2023\/06\/uaem-sangre.jpg'><img loading=\"lazy\" decoding=\"async\" width=\"240\" height=\"141\" src=\"https:\/\/www.diarioimagen.net\/wp-content\/uploads\/2023\/06\/uaem-sangre.jpg\" class=\"attachment-medium size-medium\" alt=\"\" \/><\/a><\/p>\n"},"caption":{"rendered":"<p>Cecilia Rivero G\u00f3mez, catedr\u00e1tica del Centro Universitario Zumpango de la UAEM\u00e9x sostuvo que es evidente la falta de inter\u00e9s que existe en la sociedad de participar como donantes.<\/p>\n"},"alt_text":"","media_type":"image","mime_type":"image\/jpeg","media_details":{"width":460,"height":270,"file":"2023\/06\/uaem-sangre.jpg","filesize":39135,"sizes":{},"image_meta":{"aperture":"0","credit":"","camera":"","caption":"","created_timestamp":"0","copyright":"NMarure*","focal_length":"0","iso":"0","shutter_speed":"0","title":"","orientation":"0","keywords":[]}},"post":586946,"source_url":"https:\/\/www.diarioimagen.net\/wp-content\/uploads\/2023\/06\/uaem-sangre.jpg","_links":{"self":[{"href":"https:\/\/www.diarioimagen.net\/index.php?rest_route=\/wp\/v2\/media\/587040","targetHints":{"allow":["GET"]}}],"collection":[{"href":"https:\/\/www.diarioimagen.net\/index.php?rest_route=\/wp\/v2\/media"}],"about":[{"href":"https:\/\/www.diarioimagen.net\/index.php?rest_route=\/wp\/v2\/types\/attachment"}],"author":[{"embeddable":true,"href":"https:\/\/www.diarioimagen.net\/index.php?rest_route=\/wp\/v2\/users\/3"}],"replies":[{"embeddable":true,"href":"https:\/\/www.diarioimagen.net\/index.php?rest_route=%2Fwp%2Fv2%2Fcomments&post=587040"}]}}

<p>Cecilia Rivero Gómez, catedrática del Centro Universitario Zumpango de la UAEMéx sostuvo que es evidente la falta de interés que existe en la sociedad de participar como donantes.</p>
