{"id":587626,"date":"2023-06-20T02:26:03","date_gmt":"2023-06-20T08:26:03","guid":{"rendered":"https:\/\/www.diarioimagen.net\/wp-content\/uploads\/2023\/06\/NUEVA-TITULAR-DE-SEGOB.jpg"},"modified":"2023-06-20T02:26:07","modified_gmt":"2023-06-20T08:26:07","slug":"nueva-titular-de-segob","status":"inherit","type":"attachment","link":"https:\/\/www.diarioimagen.net\/?attachment_id=587626","title":{"rendered":"NUEVA-TITULAR-DE-SEGOB"},"author":3,"featured_media":0,"comment_status":"open","ping_status":"closed","template":"","meta":{"_monsterinsights_skip_tracking":false,"_monsterinsights_sitenote_active":false,"_monsterinsights_sitenote_note":"","_monsterinsights_sitenote_category":0},"class_list":["post-587626","attachment","type-attachment","status-inherit","hentry"],"description":{"rendered":"<p class=\"attachment\"><a href='https:\/\/www.diarioimagen.net\/wp-content\/uploads\/2023\/06\/NUEVA-TITULAR-DE-SEGOB.jpg'><img loading=\"lazy\" decoding=\"async\" width=\"240\" height=\"141\" src=\"https:\/\/www.diarioimagen.net\/wp-content\/uploads\/2023\/06\/NUEVA-TITULAR-DE-SEGOB.jpg\" class=\"attachment-medium size-medium\" alt=\"\" \/><\/a><\/p>\n"},"caption":{"rendered":"<p>Luisa Mar\u00eda Alcalde ser\u00e1 la nueva secretaria de Gobernaci\u00f3n, en sustituci\u00f3n de Ad\u00e1n Augusto L\u00f3pez, anunci\u00f3 el presidente Andr\u00e9s Manuel L\u00f3pez Obrador.<\/p>\n"},"alt_text":"","media_type":"image","mime_type":"image\/jpeg","media_details":{"width":460,"height":270,"file":"2023\/06\/NUEVA-TITULAR-DE-SEGOB.jpg","filesize":45842,"sizes":{},"image_meta":{"aperture":"0","credit":"","camera":"","caption":"","created_timestamp":"0","copyright":"","focal_length":"0","iso":"0","shutter_speed":"0","title":"","orientation":"0","keywords":[]}},"post":587526,"source_url":"https:\/\/www.diarioimagen.net\/wp-content\/uploads\/2023\/06\/NUEVA-TITULAR-DE-SEGOB.jpg","_links":{"self":[{"href":"https:\/\/www.diarioimagen.net\/index.php?rest_route=\/wp\/v2\/media\/587626","targetHints":{"allow":["GET"]}}],"collection":[{"href":"https:\/\/www.diarioimagen.net\/index.php?rest_route=\/wp\/v2\/media"}],"about":[{"href":"https:\/\/www.diarioimagen.net\/index.php?rest_route=\/wp\/v2\/types\/attachment"}],"author":[{"embeddable":true,"href":"https:\/\/www.diarioimagen.net\/index.php?rest_route=\/wp\/v2\/users\/3"}],"replies":[{"embeddable":true,"href":"https:\/\/www.diarioimagen.net\/index.php?rest_route=%2Fwp%2Fv2%2Fcomments&post=587626"}]}}

<p>Luisa María Alcalde será la nueva secretaria de Gobernación, en sustitución de Adán Augusto López, anunció el presidente Andrés Manuel López Obrador.</p>
