{"id":587918,"date":"2023-06-22T02:40:29","date_gmt":"2023-06-22T08:40:29","guid":{"rendered":"https:\/\/www.diarioimagen.net\/wp-content\/uploads\/2023\/06\/tribunal-11.jpg"},"modified":"2023-06-22T02:40:35","modified_gmt":"2023-06-22T08:40:35","slug":"tribunal-310","status":"inherit","type":"attachment","link":"https:\/\/www.diarioimagen.net\/?attachment_id=587918","title":{"rendered":"tribunal"},"author":3,"featured_media":0,"comment_status":"open","ping_status":"closed","template":"","meta":{"_monsterinsights_skip_tracking":false,"_monsterinsights_sitenote_active":false,"_monsterinsights_sitenote_note":"","_monsterinsights_sitenote_category":0},"class_list":["post-587918","attachment","type-attachment","status-inherit","hentry"],"description":{"rendered":"<p class=\"attachment\"><a href='https:\/\/www.diarioimagen.net\/wp-content\/uploads\/2023\/06\/tribunal-11.jpg'><img loading=\"lazy\" decoding=\"async\" width=\"160\" height=\"240\" src=\"https:\/\/www.diarioimagen.net\/wp-content\/uploads\/2023\/06\/tribunal-11.jpg\" class=\"attachment-medium size-medium\" alt=\"\" \/><\/a><\/p>\n"},"caption":{"rendered":"<p>Consejeros y titulares de \u00e1reas de apoyo judicial acompa\u00f1an al magistrado presidente Rafael Guerra \u00c1lvarez en el recorrido por el Cendi Ni\u00f1os H\u00e9roes e instalaciones del Incifo.<\/p>\n"},"alt_text":"","media_type":"image","mime_type":"image\/jpeg","media_details":{"width":460,"height":691,"file":"2023\/06\/tribunal-11.jpg","filesize":158104,"sizes":{},"image_meta":{"aperture":"0","credit":"","camera":"","caption":"","created_timestamp":"0","copyright":"","focal_length":"0","iso":"0","shutter_speed":"0","title":"","orientation":"0","keywords":[]}},"post":587824,"source_url":"https:\/\/www.diarioimagen.net\/wp-content\/uploads\/2023\/06\/tribunal-11.jpg","_links":{"self":[{"href":"https:\/\/www.diarioimagen.net\/index.php?rest_route=\/wp\/v2\/media\/587918","targetHints":{"allow":["GET"]}}],"collection":[{"href":"https:\/\/www.diarioimagen.net\/index.php?rest_route=\/wp\/v2\/media"}],"about":[{"href":"https:\/\/www.diarioimagen.net\/index.php?rest_route=\/wp\/v2\/types\/attachment"}],"author":[{"embeddable":true,"href":"https:\/\/www.diarioimagen.net\/index.php?rest_route=\/wp\/v2\/users\/3"}],"replies":[{"embeddable":true,"href":"https:\/\/www.diarioimagen.net\/index.php?rest_route=%2Fwp%2Fv2%2Fcomments&post=587918"}]}}

<p>Consejeros y titulares de áreas de apoyo judicial acompañan al magistrado presidente Rafael Guerra Álvarez en el recorrido por el Cendi Niños Héroes e instalaciones del Incifo.</p>
