{"id":587943,"date":"2023-06-22T02:55:07","date_gmt":"2023-06-22T08:55:07","guid":{"rendered":"https:\/\/www.diarioimagen.net\/wp-content\/uploads\/2023\/06\/hay-al-menos.jpg"},"modified":"2023-06-22T02:55:16","modified_gmt":"2023-06-22T08:55:16","slug":"hay-al-menos","status":"inherit","type":"attachment","link":"https:\/\/www.diarioimagen.net\/?attachment_id=587943","title":{"rendered":"hay-al-menos"},"author":3,"featured_media":0,"comment_status":"open","ping_status":"closed","template":"","meta":{"_monsterinsights_skip_tracking":false,"_monsterinsights_sitenote_active":false,"_monsterinsights_sitenote_note":"","_monsterinsights_sitenote_category":0},"class_list":["post-587943","attachment","type-attachment","status-inherit","hentry"],"description":{"rendered":"<p class=\"attachment\"><a href='https:\/\/www.diarioimagen.net\/wp-content\/uploads\/2023\/06\/hay-al-menos.jpg'><img loading=\"lazy\" decoding=\"async\" width=\"240\" height=\"141\" src=\"https:\/\/www.diarioimagen.net\/wp-content\/uploads\/2023\/06\/hay-al-menos.jpg\" class=\"attachment-medium size-medium\" alt=\"\" \/><\/a><\/p>\n"},"caption":{"rendered":"<p>La diputada Mar\u00eda Zetina Gonz\u00e1lez present\u00f3 ante la Diputaci\u00f3n Permanente su proyecto para expedir la ley con la que se busca modificar la pol\u00edtica estatal en materia de salud.<\/p>\n"},"alt_text":"","media_type":"image","mime_type":"image\/jpeg","media_details":{"width":460,"height":270,"file":"2023\/06\/hay-al-menos.jpg","filesize":60563,"sizes":{},"image_meta":{"aperture":"0","credit":"","camera":"","caption":"","created_timestamp":"0","copyright":"","focal_length":"0","iso":"0","shutter_speed":"0","title":"","orientation":"0","keywords":[]}},"post":587838,"source_url":"https:\/\/www.diarioimagen.net\/wp-content\/uploads\/2023\/06\/hay-al-menos.jpg","_links":{"self":[{"href":"https:\/\/www.diarioimagen.net\/index.php?rest_route=\/wp\/v2\/media\/587943","targetHints":{"allow":["GET"]}}],"collection":[{"href":"https:\/\/www.diarioimagen.net\/index.php?rest_route=\/wp\/v2\/media"}],"about":[{"href":"https:\/\/www.diarioimagen.net\/index.php?rest_route=\/wp\/v2\/types\/attachment"}],"author":[{"embeddable":true,"href":"https:\/\/www.diarioimagen.net\/index.php?rest_route=\/wp\/v2\/users\/3"}],"replies":[{"embeddable":true,"href":"https:\/\/www.diarioimagen.net\/index.php?rest_route=%2Fwp%2Fv2%2Fcomments&post=587943"}]}}

<p>La diputada María Zetina González presentó ante la Diputación Permanente su proyecto para expedir la ley con la que se busca modificar la política estatal en materia de salud.</p>
