{"id":587948,"date":"2023-06-22T02:58:52","date_gmt":"2023-06-22T08:58:52","guid":{"rendered":"https:\/\/www.diarioimagen.net\/wp-content\/uploads\/2023\/06\/los-romanticos-de-zacatecas.jpg"},"modified":"2023-06-22T02:58:58","modified_gmt":"2023-06-22T08:58:58","slug":"los-romanticos-de-zacatecas","status":"inherit","type":"attachment","link":"https:\/\/www.diarioimagen.net\/?attachment_id=587948","title":{"rendered":"los-romanticos-de-zacatecas"},"author":3,"featured_media":0,"comment_status":"open","ping_status":"closed","template":"","meta":{"_monsterinsights_skip_tracking":false,"_monsterinsights_sitenote_active":false,"_monsterinsights_sitenote_note":"","_monsterinsights_sitenote_category":0},"class_list":["post-587948","attachment","type-attachment","status-inherit","hentry"],"description":{"rendered":"<p class=\"attachment\"><a href='https:\/\/www.diarioimagen.net\/wp-content\/uploads\/2023\/06\/los-romanticos-de-zacatecas.jpg'><img loading=\"lazy\" decoding=\"async\" width=\"240\" height=\"201\" src=\"https:\/\/www.diarioimagen.net\/wp-content\/uploads\/2023\/06\/los-romanticos-de-zacatecas.jpg\" class=\"attachment-medium size-medium\" alt=\"\" \/><\/a><\/p>\n"},"caption":{"rendered":"<p>Este concierto ser\u00e1 sin duda uno de los eventos musicales m\u00e1s destacados del a\u00f1o en M\u00e9xico, y uno de los shows m\u00e1s destacados de Los Rom\u00e1nticos de Zacatecas.<\/p>\n"},"alt_text":"","media_type":"image","mime_type":"image\/jpeg","media_details":{"width":460,"height":386,"file":"2023\/06\/los-romanticos-de-zacatecas.jpg","filesize":89421,"sizes":{},"image_meta":{"aperture":"0","credit":"","camera":"","caption":"","created_timestamp":"0","copyright":"","focal_length":"0","iso":"0","shutter_speed":"0","title":"","orientation":"0","keywords":[]}},"post":587873,"source_url":"https:\/\/www.diarioimagen.net\/wp-content\/uploads\/2023\/06\/los-romanticos-de-zacatecas.jpg","_links":{"self":[{"href":"https:\/\/www.diarioimagen.net\/index.php?rest_route=\/wp\/v2\/media\/587948","targetHints":{"allow":["GET"]}}],"collection":[{"href":"https:\/\/www.diarioimagen.net\/index.php?rest_route=\/wp\/v2\/media"}],"about":[{"href":"https:\/\/www.diarioimagen.net\/index.php?rest_route=\/wp\/v2\/types\/attachment"}],"author":[{"embeddable":true,"href":"https:\/\/www.diarioimagen.net\/index.php?rest_route=\/wp\/v2\/users\/3"}],"replies":[{"embeddable":true,"href":"https:\/\/www.diarioimagen.net\/index.php?rest_route=%2Fwp%2Fv2%2Fcomments&post=587948"}]}}

<p>Este concierto será sin duda uno de los eventos musicales más destacados del año en México, y uno de los shows más destacados de Los Románticos de Zacatecas.</p>
