{"id":588548,"date":"2023-06-29T01:02:42","date_gmt":"2023-06-29T07:02:42","guid":{"rendered":"https:\/\/www.diarioimagen.net\/wp-content\/uploads\/2023\/06\/tribunal-impartidores.jpg"},"modified":"2023-06-29T01:02:47","modified_gmt":"2023-06-29T07:02:47","slug":"tribunal-impartidores","status":"inherit","type":"attachment","link":"https:\/\/www.diarioimagen.net\/?attachment_id=588548","title":{"rendered":"tribunal-impartidores"},"author":3,"featured_media":0,"comment_status":"open","ping_status":"closed","template":"","meta":{"_monsterinsights_skip_tracking":false,"_monsterinsights_sitenote_active":false,"_monsterinsights_sitenote_note":"","_monsterinsights_sitenote_category":0},"class_list":["post-588548","attachment","type-attachment","status-inherit","hentry"],"description":{"rendered":"<p class=\"attachment\"><a href='https:\/\/www.diarioimagen.net\/wp-content\/uploads\/2023\/06\/tribunal-impartidores.jpg'><img loading=\"lazy\" decoding=\"async\" width=\"240\" height=\"141\" src=\"https:\/\/www.diarioimagen.net\/wp-content\/uploads\/2023\/06\/tribunal-impartidores.jpg\" class=\"attachment-medium size-medium\" alt=\"\" \/><\/a><\/p>\n"},"caption":{"rendered":"<p>La consejera de la Judicatura local, Emma Campos Burgos,\u00a0 mencion\u00f3 que en la instituci\u00f3n se realizan, adem\u00e1s, diversas acciones tendentes a visibilizar la importancia del rol de las mujeres en la sociedad.<\/p>\n"},"alt_text":"","media_type":"image","mime_type":"image\/jpeg","media_details":{"width":460,"height":270,"file":"2023\/06\/tribunal-impartidores.jpg","filesize":59569,"sizes":{},"image_meta":{"aperture":"0","credit":"","camera":"","caption":"","created_timestamp":"0","copyright":"","focal_length":"0","iso":"0","shutter_speed":"0","title":"","orientation":"0","keywords":[]}},"post":588474,"source_url":"https:\/\/www.diarioimagen.net\/wp-content\/uploads\/2023\/06\/tribunal-impartidores.jpg","_links":{"self":[{"href":"https:\/\/www.diarioimagen.net\/index.php?rest_route=\/wp\/v2\/media\/588548","targetHints":{"allow":["GET"]}}],"collection":[{"href":"https:\/\/www.diarioimagen.net\/index.php?rest_route=\/wp\/v2\/media"}],"about":[{"href":"https:\/\/www.diarioimagen.net\/index.php?rest_route=\/wp\/v2\/types\/attachment"}],"author":[{"embeddable":true,"href":"https:\/\/www.diarioimagen.net\/index.php?rest_route=\/wp\/v2\/users\/3"}],"replies":[{"embeddable":true,"href":"https:\/\/www.diarioimagen.net\/index.php?rest_route=%2Fwp%2Fv2%2Fcomments&post=588548"}]}}

<p>La consejera de la Judicatura local, Emma Campos Burgos,  mencionó que en la institución se realizan, además, diversas acciones tendentes a visibilizar la importancia del rol de las mujeres en la sociedad.</p>
