{"id":588656,"date":"2023-06-30T01:37:12","date_gmt":"2023-06-30T07:37:12","guid":{"rendered":"https:\/\/www.diarioimagen.net\/wp-content\/uploads\/2023\/06\/tribunal-14.jpg"},"modified":"2023-06-30T01:37:17","modified_gmt":"2023-06-30T07:37:17","slug":"tribunal-313","status":"inherit","type":"attachment","link":"https:\/\/www.diarioimagen.net\/?attachment_id=588656","title":{"rendered":"tribunal"},"author":3,"featured_media":0,"comment_status":"open","ping_status":"closed","template":"","meta":{"_monsterinsights_skip_tracking":false,"_monsterinsights_sitenote_active":false,"_monsterinsights_sitenote_note":"","_monsterinsights_sitenote_category":0},"class_list":["post-588656","attachment","type-attachment","status-inherit","hentry"],"description":{"rendered":"<p class=\"attachment\"><a href='https:\/\/www.diarioimagen.net\/wp-content\/uploads\/2023\/06\/tribunal-14.jpg'><img loading=\"lazy\" decoding=\"async\" width=\"240\" height=\"141\" src=\"https:\/\/www.diarioimagen.net\/wp-content\/uploads\/2023\/06\/tribunal-14.jpg\" class=\"attachment-medium size-medium\" alt=\"\" \/><\/a><\/p>\n"},"caption":{"rendered":"<p>Mediante el C\u00f3digo Nacional de Procedimientos Civiles y Familiares se tendr\u00e1 acceso a especialistas de todo el continente para la capacitaci\u00f3n que se requiere a trav\u00e9s de foros, seminarios, talleres y encuentros acad\u00e9micos sobre temas de inter\u00e9s com\u00fan, entre \u00e9stos la oralidad.<\/p>\n"},"alt_text":"","media_type":"image","mime_type":"image\/jpeg","media_details":{"width":460,"height":270,"file":"2023\/06\/tribunal-14.jpg","filesize":58311,"sizes":{},"image_meta":{"aperture":"0","credit":"","camera":"","caption":"","created_timestamp":"0","copyright":"","focal_length":"0","iso":"0","shutter_speed":"0","title":"","orientation":"0","keywords":[]}},"post":588574,"source_url":"https:\/\/www.diarioimagen.net\/wp-content\/uploads\/2023\/06\/tribunal-14.jpg","_links":{"self":[{"href":"https:\/\/www.diarioimagen.net\/index.php?rest_route=\/wp\/v2\/media\/588656","targetHints":{"allow":["GET"]}}],"collection":[{"href":"https:\/\/www.diarioimagen.net\/index.php?rest_route=\/wp\/v2\/media"}],"about":[{"href":"https:\/\/www.diarioimagen.net\/index.php?rest_route=\/wp\/v2\/types\/attachment"}],"author":[{"embeddable":true,"href":"https:\/\/www.diarioimagen.net\/index.php?rest_route=\/wp\/v2\/users\/3"}],"replies":[{"embeddable":true,"href":"https:\/\/www.diarioimagen.net\/index.php?rest_route=%2Fwp%2Fv2%2Fcomments&post=588656"}]}}

<p>Mediante el Código Nacional de Procedimientos Civiles y Familiares se tendrá acceso a especialistas de todo el continente para la capacitación que se requiere a través de foros, seminarios, talleres y encuentros académicos sobre temas de interés común, entre éstos la oralidad.</p>
