{"id":588786,"date":"2023-07-03T03:02:14","date_gmt":"2023-07-03T09:02:14","guid":{"rendered":"https:\/\/www.diarioimagen.net\/wp-content\/uploads\/2023\/07\/tribunal.jpg"},"modified":"2023-07-03T03:02:19","modified_gmt":"2023-07-03T09:02:19","slug":"tribunal-314","status":"inherit","type":"attachment","link":"https:\/\/www.diarioimagen.net\/?attachment_id=588786","title":{"rendered":"tribunal"},"author":3,"featured_media":0,"comment_status":"open","ping_status":"closed","template":"","meta":{"_monsterinsights_skip_tracking":false,"_monsterinsights_sitenote_active":false,"_monsterinsights_sitenote_note":"","_monsterinsights_sitenote_category":0},"class_list":["post-588786","attachment","type-attachment","status-inherit","hentry"],"description":{"rendered":"<p class=\"attachment\"><a href='https:\/\/www.diarioimagen.net\/wp-content\/uploads\/2023\/07\/tribunal.jpg'><img loading=\"lazy\" decoding=\"async\" width=\"240\" height=\"107\" src=\"https:\/\/www.diarioimagen.net\/wp-content\/uploads\/2023\/07\/tribunal.jpg\" class=\"attachment-medium size-medium\" alt=\"\" \/><\/a><\/p>\n"},"caption":{"rendered":"<p>Ante los presidentes y representantes de 30 poderes judiciales estatales, la gobernadora de Baja California, Marina del Pilar \u00c1vila Olmeda, expres\u00f3 que es prioritaria la asignaci\u00f3n de recursos suficientes para aplicar cabalmente y sin contratiempos el citado c\u00f3digo.<\/p>\n"},"alt_text":"","media_type":"image","mime_type":"image\/jpeg","media_details":{"width":460,"height":205,"file":"2023\/07\/tribunal.jpg","filesize":132417,"sizes":{},"image_meta":{"aperture":"0","credit":"","camera":"","caption":"","created_timestamp":"0","copyright":"","focal_length":"0","iso":"0","shutter_speed":"0","title":"","orientation":"0","keywords":[]}},"post":588700,"source_url":"https:\/\/www.diarioimagen.net\/wp-content\/uploads\/2023\/07\/tribunal.jpg","_links":{"self":[{"href":"https:\/\/www.diarioimagen.net\/index.php?rest_route=\/wp\/v2\/media\/588786","targetHints":{"allow":["GET"]}}],"collection":[{"href":"https:\/\/www.diarioimagen.net\/index.php?rest_route=\/wp\/v2\/media"}],"about":[{"href":"https:\/\/www.diarioimagen.net\/index.php?rest_route=\/wp\/v2\/types\/attachment"}],"author":[{"embeddable":true,"href":"https:\/\/www.diarioimagen.net\/index.php?rest_route=\/wp\/v2\/users\/3"}],"replies":[{"embeddable":true,"href":"https:\/\/www.diarioimagen.net\/index.php?rest_route=%2Fwp%2Fv2%2Fcomments&post=588786"}]}}

<p>Ante los presidentes y representantes de 30 poderes judiciales estatales, la gobernadora de Baja California, Marina del Pilar Ávila Olmeda, expresó que es prioritaria la asignación de recursos suficientes para aplicar cabalmente y sin contratiempos el citado código.</p>
