{"id":589032,"date":"2023-07-05T02:02:14","date_gmt":"2023-07-05T08:02:14","guid":{"rendered":"https:\/\/www.diarioimagen.net\/wp-content\/uploads\/2023\/07\/Derecho-2.jpg"},"modified":"2023-07-05T02:02:18","modified_gmt":"2023-07-05T08:02:18","slug":"derecho-681","status":"inherit","type":"attachment","link":"https:\/\/www.diarioimagen.net\/?attachment_id=589032","title":{"rendered":"Derecho"},"author":3,"featured_media":0,"comment_status":"open","ping_status":"closed","template":"","meta":{"_monsterinsights_skip_tracking":false,"_monsterinsights_sitenote_active":false,"_monsterinsights_sitenote_note":"","_monsterinsights_sitenote_category":0},"class_list":["post-589032","attachment","type-attachment","status-inherit","hentry"],"description":{"rendered":"<p class=\"attachment\"><a href='https:\/\/www.diarioimagen.net\/wp-content\/uploads\/2023\/07\/Derecho-2.jpg'><img loading=\"lazy\" decoding=\"async\" width=\"240\" height=\"141\" src=\"https:\/\/www.diarioimagen.net\/wp-content\/uploads\/2023\/07\/Derecho-2.jpg\" class=\"attachment-medium size-medium\" alt=\"\" \/><\/a><\/p>\n"},"caption":{"rendered":"<p>La Secretar\u00eda de Econom\u00eda refiere que entre enero y marzo de este a\u00f1o, Quintana Roo recibi\u00f3 129 millones de d\u00f3lares de Inversi\u00f3n Extranjera Directa.<\/p>\n"},"alt_text":"","media_type":"image","mime_type":"image\/jpeg","media_details":{"width":460,"height":270,"file":"2023\/07\/Derecho-2.jpg","filesize":65616,"sizes":{},"image_meta":{"aperture":"0","credit":"","camera":"","caption":"","created_timestamp":"0","copyright":"","focal_length":"0","iso":"0","shutter_speed":"0","title":"","orientation":"0","keywords":[]}},"post":588955,"source_url":"https:\/\/www.diarioimagen.net\/wp-content\/uploads\/2023\/07\/Derecho-2.jpg","_links":{"self":[{"href":"https:\/\/www.diarioimagen.net\/index.php?rest_route=\/wp\/v2\/media\/589032","targetHints":{"allow":["GET"]}}],"collection":[{"href":"https:\/\/www.diarioimagen.net\/index.php?rest_route=\/wp\/v2\/media"}],"about":[{"href":"https:\/\/www.diarioimagen.net\/index.php?rest_route=\/wp\/v2\/types\/attachment"}],"author":[{"embeddable":true,"href":"https:\/\/www.diarioimagen.net\/index.php?rest_route=\/wp\/v2\/users\/3"}],"replies":[{"embeddable":true,"href":"https:\/\/www.diarioimagen.net\/index.php?rest_route=%2Fwp%2Fv2%2Fcomments&post=589032"}]}}

<p>La Secretaría de Economía refiere que entre enero y marzo de este año, Quintana Roo recibió 129 millones de dólares de Inversión Extranjera Directa.</p>
