{"id":589486,"date":"2023-07-11T02:23:06","date_gmt":"2023-07-11T08:23:06","guid":{"rendered":"https:\/\/www.diarioimagen.net\/wp-content\/uploads\/2023\/07\/GASOLINA.jpg"},"modified":"2023-07-11T02:23:28","modified_gmt":"2023-07-11T08:23:28","slug":"gasolina-12","status":"inherit","type":"attachment","link":"https:\/\/www.diarioimagen.net\/?attachment_id=589486","title":{"rendered":"GASOLINA"},"author":3,"featured_media":0,"comment_status":"open","ping_status":"closed","template":"","meta":{"_monsterinsights_skip_tracking":false,"_monsterinsights_sitenote_active":false,"_monsterinsights_sitenote_note":"","_monsterinsights_sitenote_category":0},"class_list":["post-589486","attachment","type-attachment","status-inherit","hentry"],"description":{"rendered":"<p class=\"attachment\"><a href='https:\/\/www.diarioimagen.net\/wp-content\/uploads\/2023\/07\/GASOLINA.jpg'><img loading=\"lazy\" decoding=\"async\" width=\"240\" height=\"141\" src=\"https:\/\/www.diarioimagen.net\/wp-content\/uploads\/2023\/07\/GASOLINA.jpg\" class=\"attachment-medium size-medium\" alt=\"\" \/><\/a><\/p>\n"},"caption":{"rendered":"<p>Ahora, Playa del Carmen registr\u00f3 los precios m\u00e1s caros en las gasolinas Regular y Premium en M\u00e9xico.<\/p>\n"},"alt_text":"","media_type":"image","mime_type":"image\/jpeg","media_details":{"width":460,"height":270,"file":"2023\/07\/GASOLINA.jpg","filesize":44724,"sizes":{},"image_meta":{"aperture":"0","credit":"","camera":"","caption":"","created_timestamp":"0","copyright":"","focal_length":"0","iso":"0","shutter_speed":"0","title":"","orientation":"0","keywords":[]}},"post":589434,"source_url":"https:\/\/www.diarioimagen.net\/wp-content\/uploads\/2023\/07\/GASOLINA.jpg","_links":{"self":[{"href":"https:\/\/www.diarioimagen.net\/index.php?rest_route=\/wp\/v2\/media\/589486","targetHints":{"allow":["GET"]}}],"collection":[{"href":"https:\/\/www.diarioimagen.net\/index.php?rest_route=\/wp\/v2\/media"}],"about":[{"href":"https:\/\/www.diarioimagen.net\/index.php?rest_route=\/wp\/v2\/types\/attachment"}],"author":[{"embeddable":true,"href":"https:\/\/www.diarioimagen.net\/index.php?rest_route=\/wp\/v2\/users\/3"}],"replies":[{"embeddable":true,"href":"https:\/\/www.diarioimagen.net\/index.php?rest_route=%2Fwp%2Fv2%2Fcomments&post=589486"}]}}

<p>Ahora, Playa del Carmen registró los precios más caros en las gasolinas Regular y Premium en México.</p>
