{"id":589629,"date":"2023-07-12T02:18:04","date_gmt":"2023-07-12T08:18:04","guid":{"rendered":"https:\/\/www.diarioimagen.net\/wp-content\/uploads\/2023\/07\/propondra-diputado.jpg"},"modified":"2023-07-12T02:18:10","modified_gmt":"2023-07-12T08:18:10","slug":"propondra-diputado","status":"inherit","type":"attachment","link":"https:\/\/www.diarioimagen.net\/?attachment_id=589629","title":{"rendered":"propondra-diputado"},"author":3,"featured_media":0,"comment_status":"open","ping_status":"closed","template":"","meta":{"_monsterinsights_skip_tracking":false,"_monsterinsights_sitenote_active":false,"_monsterinsights_sitenote_note":"","_monsterinsights_sitenote_category":0},"class_list":["post-589629","attachment","type-attachment","status-inherit","hentry"],"description":{"rendered":"<p class=\"attachment\"><a href='https:\/\/www.diarioimagen.net\/wp-content\/uploads\/2023\/07\/propondra-diputado.jpg'><img loading=\"lazy\" decoding=\"async\" width=\"240\" height=\"141\" src=\"https:\/\/www.diarioimagen.net\/wp-content\/uploads\/2023\/07\/propondra-diputado.jpg\" class=\"attachment-medium size-medium\" alt=\"\" \/><\/a><\/p>\n"},"caption":{"rendered":"<p>El diputado Daniel Sibaja plantear\u00e1 a la gobernadora electa Delfina G\u00f3mez \u00c1lvarez, crear la Secretar\u00eda del Agua y que se ubique en la zona oriente de la entidad.<\/p>\n"},"alt_text":"","media_type":"image","mime_type":"image\/jpeg","media_details":{"width":460,"height":270,"file":"2023\/07\/propondra-diputado.jpg","filesize":46692,"sizes":{},"image_meta":{"aperture":"0","credit":"","camera":"","caption":"","created_timestamp":"0","copyright":"","focal_length":"0","iso":"0","shutter_speed":"0","title":"","orientation":"0","keywords":[]}},"post":589562,"source_url":"https:\/\/www.diarioimagen.net\/wp-content\/uploads\/2023\/07\/propondra-diputado.jpg","_links":{"self":[{"href":"https:\/\/www.diarioimagen.net\/index.php?rest_route=\/wp\/v2\/media\/589629","targetHints":{"allow":["GET"]}}],"collection":[{"href":"https:\/\/www.diarioimagen.net\/index.php?rest_route=\/wp\/v2\/media"}],"about":[{"href":"https:\/\/www.diarioimagen.net\/index.php?rest_route=\/wp\/v2\/types\/attachment"}],"author":[{"embeddable":true,"href":"https:\/\/www.diarioimagen.net\/index.php?rest_route=\/wp\/v2\/users\/3"}],"replies":[{"embeddable":true,"href":"https:\/\/www.diarioimagen.net\/index.php?rest_route=%2Fwp%2Fv2%2Fcomments&post=589629"}]}}

<p>El diputado Daniel Sibaja planteará a la gobernadora electa Delfina Gómez Álvarez, crear la Secretaría del Agua y que se ubique en la zona oriente de la entidad.</p>
