{"id":589725,"date":"2023-07-13T02:17:59","date_gmt":"2023-07-13T08:17:59","guid":{"rendered":"https:\/\/www.diarioimagen.net\/wp-content\/uploads\/2023\/07\/Tlajomulco.jpg"},"modified":"2023-07-13T02:18:06","modified_gmt":"2023-07-13T08:18:06","slug":"tlajomulco","status":"inherit","type":"attachment","link":"https:\/\/www.diarioimagen.net\/?attachment_id=589725","title":{"rendered":"Tlajomulco"},"author":3,"featured_media":0,"comment_status":"open","ping_status":"closed","template":"","meta":{"_monsterinsights_skip_tracking":false,"_monsterinsights_sitenote_active":false,"_monsterinsights_sitenote_note":"","_monsterinsights_sitenote_category":0},"class_list":["post-589725","attachment","type-attachment","status-inherit","hentry"],"description":{"rendered":"<p class=\"attachment\"><a href='https:\/\/www.diarioimagen.net\/wp-content\/uploads\/2023\/07\/Tlajomulco.jpg'><img loading=\"lazy\" decoding=\"async\" width=\"240\" height=\"141\" src=\"https:\/\/www.diarioimagen.net\/wp-content\/uploads\/2023\/07\/Tlajomulco.jpg\" class=\"attachment-medium size-medium\" alt=\"\" \/><\/a><\/p>\n"},"caption":{"rendered":"<p>Una patrulla de la Fiscal\u00eda de Jalisco se incendi\u00f3 al pisar un artefacto explosivo durante un operativo de b\u00fasqueda de personas en Tlajomulco, dejando un saldo de 6 muertos y varios heridos.<\/p>\n"},"alt_text":"","media_type":"image","mime_type":"image\/jpeg","media_details":{"width":460,"height":270,"file":"2023\/07\/Tlajomulco.jpg","filesize":60792,"sizes":{},"image_meta":{"aperture":"0","credit":"","camera":"","caption":"","created_timestamp":"0","copyright":"","focal_length":"0","iso":"0","shutter_speed":"0","title":"","orientation":"0","keywords":[]}},"post":589680,"source_url":"https:\/\/www.diarioimagen.net\/wp-content\/uploads\/2023\/07\/Tlajomulco.jpg","_links":{"self":[{"href":"https:\/\/www.diarioimagen.net\/index.php?rest_route=\/wp\/v2\/media\/589725","targetHints":{"allow":["GET"]}}],"collection":[{"href":"https:\/\/www.diarioimagen.net\/index.php?rest_route=\/wp\/v2\/media"}],"about":[{"href":"https:\/\/www.diarioimagen.net\/index.php?rest_route=\/wp\/v2\/types\/attachment"}],"author":[{"embeddable":true,"href":"https:\/\/www.diarioimagen.net\/index.php?rest_route=\/wp\/v2\/users\/3"}],"replies":[{"embeddable":true,"href":"https:\/\/www.diarioimagen.net\/index.php?rest_route=%2Fwp%2Fv2%2Fcomments&post=589725"}]}}

<p>Una patrulla de la Fiscalía de Jalisco se incendió al pisar un artefacto explosivo durante un operativo de búsqueda de personas en Tlajomulco, dejando un saldo de 6 muertos y varios heridos.</p>
