{"id":589728,"date":"2023-07-13T02:20:03","date_gmt":"2023-07-13T08:20:03","guid":{"rendered":"https:\/\/www.diarioimagen.net\/wp-content\/uploads\/2023\/07\/homenaje-juez.jpg"},"modified":"2023-07-13T02:20:08","modified_gmt":"2023-07-13T08:20:08","slug":"homenaje-juez","status":"inherit","type":"attachment","link":"https:\/\/www.diarioimagen.net\/?attachment_id=589728","title":{"rendered":"homenaje-juez"},"author":3,"featured_media":0,"comment_status":"open","ping_status":"closed","template":"","meta":{"_monsterinsights_skip_tracking":false,"_monsterinsights_sitenote_active":false,"_monsterinsights_sitenote_note":"","_monsterinsights_sitenote_category":0},"class_list":["post-589728","attachment","type-attachment","status-inherit","hentry"],"description":{"rendered":"<p class=\"attachment\"><a href='https:\/\/www.diarioimagen.net\/wp-content\/uploads\/2023\/07\/homenaje-juez.jpg'><img loading=\"lazy\" decoding=\"async\" width=\"240\" height=\"141\" src=\"https:\/\/www.diarioimagen.net\/wp-content\/uploads\/2023\/07\/homenaje-juez.jpg\" class=\"attachment-medium size-medium\" alt=\"\" \/><\/a><\/p>\n"},"caption":{"rendered":"<p>La emoci\u00f3n embargo a todos los presentes del homenajeado con su vivo recuerdo, donde estuvieron: Enrque Jes\u00fas Duran S\u00e1nchez, Juez Noveno Civil de Proceso Oral del PJCDMX; Guillermo \u00c1lvarez Miranda, Juez 74 Civil de Proceso Escrito del PJCDMX; Minerva Tania Mart\u00ednez Cisneros, Juez D\u00e9cimo Primero Civil de Proceso Oral del PJCDMX; Fernando Guillen Aldape (Hijo de Jaime Guill\u00e9n Palma) y quien es licenciado en Negocios Internacionales; la licenciada Juana Aldape viuda del doctor Jaime\u00a0 Guill\u00e9n Palma; la licenciada Alyn Nayely De Jes\u00fas S\u00e1nchez, y el maestro Salvador Ram\u00edrez Rodr\u00edguez, Juez Tercero Civil de Proceso Oral del PJCDMX.<\/p>\n"},"alt_text":"","media_type":"image","mime_type":"image\/jpeg","media_details":{"width":460,"height":270,"file":"2023\/07\/homenaje-juez.jpg","filesize":59999,"sizes":{},"image_meta":{"aperture":"0","credit":"","camera":"","caption":"","created_timestamp":"0","copyright":"","focal_length":"0","iso":"0","shutter_speed":"0","title":"","orientation":"0","keywords":[]}},"post":589690,"source_url":"https:\/\/www.diarioimagen.net\/wp-content\/uploads\/2023\/07\/homenaje-juez.jpg","_links":{"self":[{"href":"https:\/\/www.diarioimagen.net\/index.php?rest_route=\/wp\/v2\/media\/589728","targetHints":{"allow":["GET"]}}],"collection":[{"href":"https:\/\/www.diarioimagen.net\/index.php?rest_route=\/wp\/v2\/media"}],"about":[{"href":"https:\/\/www.diarioimagen.net\/index.php?rest_route=\/wp\/v2\/types\/attachment"}],"author":[{"embeddable":true,"href":"https:\/\/www.diarioimagen.net\/index.php?rest_route=\/wp\/v2\/users\/3"}],"replies":[{"embeddable":true,"href":"https:\/\/www.diarioimagen.net\/index.php?rest_route=%2Fwp%2Fv2%2Fcomments&post=589728"}]}}

<p>La emoción embargo a todos los presentes del homenajeado con su vivo recuerdo, donde estuvieron: Enrque Jesús Duran Sánchez, Juez Noveno Civil de Proceso Oral del PJCDMX; Guillermo Álvarez Miranda, Juez 74 Civil de Proceso Escrito del PJCDMX; Minerva Tania Martínez Cisneros, Juez Décimo Primero Civil de Proceso Oral del PJCDMX; Fernando Guillen Aldape (Hijo de Jaime Guillén Palma) y quien es licenciado en Negocios Internacionales; la licenciada Juana Aldape viuda del doctor Jaime  Guillén Palma; la licenciada Alyn Nayely De Jesús Sánchez, y el maestro Salvador Ramírez Rodríguez, Juez Tercero Civil de Proceso Oral del PJCDMX.</p>
