{"id":590472,"date":"2023-07-20T01:57:46","date_gmt":"2023-07-20T07:57:46","guid":{"rendered":"https:\/\/www.diarioimagen.net\/wp-content\/uploads\/2023\/07\/INSEGURIDAD-.jpg"},"modified":"2023-07-20T01:57:51","modified_gmt":"2023-07-20T07:57:51","slug":"inseguridad-5","status":"inherit","type":"attachment","link":"https:\/\/www.diarioimagen.net\/?attachment_id=590472","title":{"rendered":"INSEGURIDAD-"},"author":3,"featured_media":0,"comment_status":"open","ping_status":"closed","template":"","meta":{"_monsterinsights_skip_tracking":false,"_monsterinsights_sitenote_active":false,"_monsterinsights_sitenote_note":"","_monsterinsights_sitenote_category":0},"class_list":["post-590472","attachment","type-attachment","status-inherit","hentry"],"description":{"rendered":"<p class=\"attachment\"><a href='https:\/\/www.diarioimagen.net\/wp-content\/uploads\/2023\/07\/INSEGURIDAD-.jpg'><img loading=\"lazy\" decoding=\"async\" width=\"240\" height=\"141\" src=\"https:\/\/www.diarioimagen.net\/wp-content\/uploads\/2023\/07\/INSEGURIDAD-.jpg\" class=\"attachment-medium size-medium\" alt=\"\" \/><\/a><\/p>\n"},"caption":{"rendered":"<p>M\u00e1s de 6 de cada 10 habitantes de 18 a\u00f1os y m\u00e1s consideraron inseguro vivir en su ciudad, seg\u00fan la Encuesta Nacional de Seguridad P\u00fablica Urbana del Inegi.<\/p>\n"},"alt_text":"","media_type":"image","mime_type":"image\/jpeg","media_details":{"width":460,"height":270,"file":"2023\/07\/INSEGURIDAD-.jpg","filesize":51201,"sizes":{},"image_meta":{"aperture":"0","credit":"","camera":"","caption":"","created_timestamp":"0","copyright":"","focal_length":"0","iso":"0","shutter_speed":"0","title":"","orientation":"0","keywords":[]}},"post":590383,"source_url":"https:\/\/www.diarioimagen.net\/wp-content\/uploads\/2023\/07\/INSEGURIDAD-.jpg","_links":{"self":[{"href":"https:\/\/www.diarioimagen.net\/index.php?rest_route=\/wp\/v2\/media\/590472","targetHints":{"allow":["GET"]}}],"collection":[{"href":"https:\/\/www.diarioimagen.net\/index.php?rest_route=\/wp\/v2\/media"}],"about":[{"href":"https:\/\/www.diarioimagen.net\/index.php?rest_route=\/wp\/v2\/types\/attachment"}],"author":[{"embeddable":true,"href":"https:\/\/www.diarioimagen.net\/index.php?rest_route=\/wp\/v2\/users\/3"}],"replies":[{"embeddable":true,"href":"https:\/\/www.diarioimagen.net\/index.php?rest_route=%2Fwp%2Fv2%2Fcomments&post=590472"}]}}

<p>Más de 6 de cada 10 habitantes de 18 años y más consideraron inseguro vivir en su ciudad, según la Encuesta Nacional de Seguridad Pública Urbana del Inegi.</p>
