{"id":590903,"date":"2023-07-25T02:21:42","date_gmt":"2023-07-25T08:21:42","guid":{"rendered":"https:\/\/www.diarioimagen.net\/wp-content\/uploads\/2023\/07\/marcelo-ebrard.jpg"},"modified":"2023-07-25T02:21:46","modified_gmt":"2023-07-25T08:21:46","slug":"marcelo-ebrard-2","status":"inherit","type":"attachment","link":"https:\/\/www.diarioimagen.net\/?attachment_id=590903","title":{"rendered":"marcelo-ebrard"},"author":3,"featured_media":0,"comment_status":"open","ping_status":"closed","template":"","meta":{"_monsterinsights_skip_tracking":false,"_monsterinsights_sitenote_active":false,"_monsterinsights_sitenote_note":"","_monsterinsights_sitenote_category":0},"class_list":["post-590903","attachment","type-attachment","status-inherit","hentry"],"description":{"rendered":"<p class=\"attachment\"><a href='https:\/\/www.diarioimagen.net\/wp-content\/uploads\/2023\/07\/marcelo-ebrard.jpg'><img loading=\"lazy\" decoding=\"async\" width=\"240\" height=\"141\" src=\"https:\/\/www.diarioimagen.net\/wp-content\/uploads\/2023\/07\/marcelo-ebrard.jpg\" class=\"attachment-medium size-medium\" alt=\"\" \/><\/a><\/p>\n"},"caption":{"rendered":"<p>Marcelo Ebrard asegur\u00f3 que impulsar\u00e1 el desarrollo y el bienestar de la juventud, durante el encuentro con j\u00f3venes militantes y simpatizantes de Morena en Naucalpan.<\/p>\n"},"alt_text":"","media_type":"image","mime_type":"image\/jpeg","media_details":{"width":460,"height":270,"file":"2023\/07\/marcelo-ebrard.jpg","filesize":82315,"sizes":{},"image_meta":{"aperture":"0","credit":"","camera":"","caption":"","created_timestamp":"0","copyright":"","focal_length":"0","iso":"0","shutter_speed":"0","title":"","orientation":"0","keywords":[]}},"post":590817,"source_url":"https:\/\/www.diarioimagen.net\/wp-content\/uploads\/2023\/07\/marcelo-ebrard.jpg","_links":{"self":[{"href":"https:\/\/www.diarioimagen.net\/index.php?rest_route=\/wp\/v2\/media\/590903","targetHints":{"allow":["GET"]}}],"collection":[{"href":"https:\/\/www.diarioimagen.net\/index.php?rest_route=\/wp\/v2\/media"}],"about":[{"href":"https:\/\/www.diarioimagen.net\/index.php?rest_route=\/wp\/v2\/types\/attachment"}],"author":[{"embeddable":true,"href":"https:\/\/www.diarioimagen.net\/index.php?rest_route=\/wp\/v2\/users\/3"}],"replies":[{"embeddable":true,"href":"https:\/\/www.diarioimagen.net\/index.php?rest_route=%2Fwp%2Fv2%2Fcomments&post=590903"}]}}

<p>Marcelo Ebrard aseguró que impulsará el desarrollo y el bienestar de la juventud, durante el encuentro con jóvenes militantes y simpatizantes de Morena en Naucalpan.</p>
