{"id":591281,"date":"2023-07-28T03:25:54","date_gmt":"2023-07-28T09:25:54","guid":{"rendered":"https:\/\/www.diarioimagen.net\/wp-content\/uploads\/2023\/07\/amlo-11.jpg"},"modified":"2023-07-28T03:25:58","modified_gmt":"2023-07-28T09:25:58","slug":"amlo-412","status":"inherit","type":"attachment","link":"https:\/\/www.diarioimagen.net\/?attachment_id=591281","title":{"rendered":"amlo"},"author":3,"featured_media":0,"comment_status":"open","ping_status":"closed","template":"","meta":{"_monsterinsights_skip_tracking":false,"_monsterinsights_sitenote_active":false,"_monsterinsights_sitenote_note":"","_monsterinsights_sitenote_category":0},"class_list":["post-591281","attachment","type-attachment","status-inherit","hentry"],"description":{"rendered":"<p class=\"attachment\"><a href='https:\/\/www.diarioimagen.net\/wp-content\/uploads\/2023\/07\/amlo-11.jpg'><img loading=\"lazy\" decoding=\"async\" width=\"240\" height=\"141\" src=\"https:\/\/www.diarioimagen.net\/wp-content\/uploads\/2023\/07\/amlo-11.jpg\" class=\"attachment-medium size-medium\" alt=\"\" \/><\/a><\/p>\n"},"caption":{"rendered":"<p>Andr\u00e9s Manuel L\u00f3pez Obrador destac\u00f3 que la brecha entre los m\u00e1s ricos y los m\u00e1s pobres se ha reducido en seis puntos, en lo que va de su gobierno<\/p>\n"},"alt_text":"","media_type":"image","mime_type":"image\/jpeg","media_details":{"width":460,"height":270,"file":"2023\/07\/amlo-11.jpg","filesize":45366,"sizes":{},"image_meta":{"aperture":"0","credit":"","camera":"","caption":"","created_timestamp":"0","copyright":"","focal_length":"0","iso":"0","shutter_speed":"0","title":"","orientation":"0","keywords":[]}},"post":591199,"source_url":"https:\/\/www.diarioimagen.net\/wp-content\/uploads\/2023\/07\/amlo-11.jpg","_links":{"self":[{"href":"https:\/\/www.diarioimagen.net\/index.php?rest_route=\/wp\/v2\/media\/591281","targetHints":{"allow":["GET"]}}],"collection":[{"href":"https:\/\/www.diarioimagen.net\/index.php?rest_route=\/wp\/v2\/media"}],"about":[{"href":"https:\/\/www.diarioimagen.net\/index.php?rest_route=\/wp\/v2\/types\/attachment"}],"author":[{"embeddable":true,"href":"https:\/\/www.diarioimagen.net\/index.php?rest_route=\/wp\/v2\/users\/3"}],"replies":[{"embeddable":true,"href":"https:\/\/www.diarioimagen.net\/index.php?rest_route=%2Fwp%2Fv2%2Fcomments&post=591281"}]}}

<p>Andrés Manuel López Obrador destacó que la brecha entre los más ricos y los más pobres se ha reducido en seis puntos, en lo que va de su gobierno</p>
