{"id":591409,"date":"2023-07-31T01:24:04","date_gmt":"2023-07-31T07:24:04","guid":{"rendered":"https:\/\/www.diarioimagen.net\/wp-content\/uploads\/2023\/07\/TREN01-5.jpg"},"modified":"2023-07-31T01:24:08","modified_gmt":"2023-07-31T07:24:08","slug":"tren01-102","status":"inherit","type":"attachment","link":"https:\/\/www.diarioimagen.net\/?attachment_id=591409","title":{"rendered":"TREN01"},"author":3,"featured_media":0,"comment_status":"open","ping_status":"closed","template":"","meta":{"_monsterinsights_skip_tracking":false,"_monsterinsights_sitenote_active":false,"_monsterinsights_sitenote_note":"","_monsterinsights_sitenote_category":0},"class_list":["post-591409","attachment","type-attachment","status-inherit","hentry"],"description":{"rendered":"<p class=\"attachment\"><a href='https:\/\/www.diarioimagen.net\/wp-content\/uploads\/2023\/07\/TREN01-5.jpg'><img loading=\"lazy\" decoding=\"async\" width=\"240\" height=\"141\" src=\"https:\/\/www.diarioimagen.net\/wp-content\/uploads\/2023\/07\/TREN01-5.jpg\" class=\"attachment-medium size-medium\" alt=\"\" \/><\/a><\/p>\n"},"caption":{"rendered":"<p>Activistas en la pen\u00ednsula de Yucat\u00e1n denunciaron que el ej\u00e9rcito y las empresas encargadas de la construcci\u00f3n del Tren Maya, usan explosivos.<\/p>\n"},"alt_text":"","media_type":"image","mime_type":"image\/jpeg","media_details":{"width":460,"height":270,"file":"2023\/07\/TREN01-5.jpg","filesize":75616,"sizes":{},"image_meta":{"aperture":"0","credit":"","camera":"","caption":"","created_timestamp":"0","copyright":"","focal_length":"0","iso":"0","shutter_speed":"0","title":"","orientation":"0","keywords":[]}},"post":591353,"source_url":"https:\/\/www.diarioimagen.net\/wp-content\/uploads\/2023\/07\/TREN01-5.jpg","_links":{"self":[{"href":"https:\/\/www.diarioimagen.net\/index.php?rest_route=\/wp\/v2\/media\/591409","targetHints":{"allow":["GET"]}}],"collection":[{"href":"https:\/\/www.diarioimagen.net\/index.php?rest_route=\/wp\/v2\/media"}],"about":[{"href":"https:\/\/www.diarioimagen.net\/index.php?rest_route=\/wp\/v2\/types\/attachment"}],"author":[{"embeddable":true,"href":"https:\/\/www.diarioimagen.net\/index.php?rest_route=\/wp\/v2\/users\/3"}],"replies":[{"embeddable":true,"href":"https:\/\/www.diarioimagen.net\/index.php?rest_route=%2Fwp%2Fv2%2Fcomments&post=591409"}]}}

<p>Activistas en la península de Yucatán denunciaron que el ejército y las empresas encargadas de la construcción del Tren Maya, usan explosivos.</p>
