{"id":591442,"date":"2023-07-31T01:40:54","date_gmt":"2023-07-31T07:40:54","guid":{"rendered":"https:\/\/www.diarioimagen.net\/wp-content\/uploads\/2023\/07\/disney-1.jpg"},"modified":"2023-07-31T01:41:02","modified_gmt":"2023-07-31T07:41:02","slug":"disney-9","status":"inherit","type":"attachment","link":"https:\/\/www.diarioimagen.net\/?attachment_id=591442","title":{"rendered":"disney"},"author":3,"featured_media":0,"comment_status":"open","ping_status":"closed","template":"","meta":{"_monsterinsights_skip_tracking":false,"_monsterinsights_sitenote_active":false,"_monsterinsights_sitenote_note":"","_monsterinsights_sitenote_category":0},"class_list":["post-591442","attachment","type-attachment","status-inherit","hentry"],"description":{"rendered":"<p class=\"attachment\"><a href='https:\/\/www.diarioimagen.net\/wp-content\/uploads\/2023\/07\/disney-1.jpg'><img loading=\"lazy\" decoding=\"async\" width=\"240\" height=\"141\" src=\"https:\/\/www.diarioimagen.net\/wp-content\/uploads\/2023\/07\/disney-1.jpg\" class=\"attachment-medium size-medium\" alt=\"\" \/><\/a><\/p>\n"},"caption":{"rendered":"<p>Disney y Virgil Abloh Securities revelan una escultura \u00fanica de Mickey, el Aprendiz de Brujo, para conmemorar el 100\u00b0 aniversario de Disney y poner en marcha una celebraci\u00f3n creativa que re\u00fane a algunas de las mentes m\u00e1s innovadoras del mundo, como Beyonc\u00e9, Christian Louboutin y Lang Lang. (Foto: Vianney Le Caer)<\/p>\n"},"alt_text":"","media_type":"image","mime_type":"image\/jpeg","media_details":{"width":460,"height":270,"file":"2023\/07\/disney-1.jpg","filesize":86830,"sizes":{},"image_meta":{"aperture":"0","credit":"","camera":"","caption":"","created_timestamp":"0","copyright":"","focal_length":"0","iso":"0","shutter_speed":"0","title":"","orientation":"0","keywords":[]}},"post":591341,"source_url":"https:\/\/www.diarioimagen.net\/wp-content\/uploads\/2023\/07\/disney-1.jpg","_links":{"self":[{"href":"https:\/\/www.diarioimagen.net\/index.php?rest_route=\/wp\/v2\/media\/591442","targetHints":{"allow":["GET"]}}],"collection":[{"href":"https:\/\/www.diarioimagen.net\/index.php?rest_route=\/wp\/v2\/media"}],"about":[{"href":"https:\/\/www.diarioimagen.net\/index.php?rest_route=\/wp\/v2\/types\/attachment"}],"author":[{"embeddable":true,"href":"https:\/\/www.diarioimagen.net\/index.php?rest_route=\/wp\/v2\/users\/3"}],"replies":[{"embeddable":true,"href":"https:\/\/www.diarioimagen.net\/index.php?rest_route=%2Fwp%2Fv2%2Fcomments&post=591442"}]}}

<p>Disney y Virgil Abloh Securities revelan una escultura única de Mickey, el Aprendiz de Brujo, para conmemorar el 100° aniversario de Disney y poner en marcha una celebración creativa que reúne a algunas de las mentes más innovadoras del mundo, como Beyoncé, Christian Louboutin y Lang Lang. (Foto: Vianney Le Caer)</p>
