{"id":592778,"date":"2023-08-15T00:53:56","date_gmt":"2023-08-15T06:53:56","guid":{"rendered":"https:\/\/www.diarioimagen.net\/wp-content\/uploads\/2023\/08\/BANDIDA01-1.jpg"},"modified":"2023-08-15T00:54:00","modified_gmt":"2023-08-15T06:54:00","slug":"bandida01-3","status":"inherit","type":"attachment","link":"https:\/\/www.diarioimagen.net\/?attachment_id=592778","title":{"rendered":"BANDIDA01"},"author":3,"featured_media":0,"comment_status":"open","ping_status":"closed","template":"","meta":{"_monsterinsights_skip_tracking":false,"_monsterinsights_sitenote_active":false,"_monsterinsights_sitenote_note":"","_monsterinsights_sitenote_category":0},"class_list":["post-592778","attachment","type-attachment","status-inherit","hentry"],"description":{"rendered":"<p class=\"attachment\"><a href='https:\/\/www.diarioimagen.net\/wp-content\/uploads\/2023\/08\/BANDIDA01-1.jpg'><img loading=\"lazy\" decoding=\"async\" width=\"240\" height=\"141\" src=\"https:\/\/www.diarioimagen.net\/wp-content\/uploads\/2023\/08\/BANDIDA01-1.jpg\" class=\"attachment-medium size-medium\" alt=\"\" \/><\/a><\/p>\n"},"caption":{"rendered":"<p>El director de DIARIOIMAGEN, Jos\u00e9 Luis Monta\u00f1ez Aguilar pos\u00f3 con el elenco de \u201cLa Casa de la Bandida\u201d y algunos de los homenajeados esa noche.<\/p>\n"},"alt_text":"","media_type":"image","mime_type":"image\/jpeg","media_details":{"width":460,"height":270,"file":"2023\/08\/BANDIDA01-1.jpg","filesize":82347,"sizes":{},"image_meta":{"aperture":"0","credit":"","camera":"","caption":"","created_timestamp":"0","copyright":"","focal_length":"0","iso":"0","shutter_speed":"0","title":"","orientation":"0","keywords":[]}},"post":592744,"source_url":"https:\/\/www.diarioimagen.net\/wp-content\/uploads\/2023\/08\/BANDIDA01-1.jpg","_links":{"self":[{"href":"https:\/\/www.diarioimagen.net\/index.php?rest_route=\/wp\/v2\/media\/592778","targetHints":{"allow":["GET"]}}],"collection":[{"href":"https:\/\/www.diarioimagen.net\/index.php?rest_route=\/wp\/v2\/media"}],"about":[{"href":"https:\/\/www.diarioimagen.net\/index.php?rest_route=\/wp\/v2\/types\/attachment"}],"author":[{"embeddable":true,"href":"https:\/\/www.diarioimagen.net\/index.php?rest_route=\/wp\/v2\/users\/3"}],"replies":[{"embeddable":true,"href":"https:\/\/www.diarioimagen.net\/index.php?rest_route=%2Fwp%2Fv2%2Fcomments&post=592778"}]}}

<p>El director de DIARIOIMAGEN, José Luis Montañez Aguilar posó con el elenco de “La Casa de la Bandida” y algunos de los homenajeados esa noche.</p>
