{"id":594062,"date":"2023-08-29T02:06:22","date_gmt":"2023-08-29T08:06:22","guid":{"rendered":"https:\/\/www.diarioimagen.net\/wp-content\/uploads\/2023\/08\/uaem-capacita.jpg"},"modified":"2023-08-29T02:06:28","modified_gmt":"2023-08-29T08:06:28","slug":"uaem-capacita","status":"inherit","type":"attachment","link":"https:\/\/www.diarioimagen.net\/?attachment_id=594062","title":{"rendered":"uaem-capacita"},"author":3,"featured_media":0,"comment_status":"open","ping_status":"closed","template":"","meta":{"_monsterinsights_skip_tracking":false,"_monsterinsights_sitenote_active":false,"_monsterinsights_sitenote_note":"","_monsterinsights_sitenote_category":0},"class_list":["post-594062","attachment","type-attachment","status-inherit","hentry"],"description":{"rendered":"<p class=\"attachment\"><a href='https:\/\/www.diarioimagen.net\/wp-content\/uploads\/2023\/08\/uaem-capacita.jpg'><img loading=\"lazy\" decoding=\"async\" width=\"240\" height=\"184\" src=\"https:\/\/www.diarioimagen.net\/wp-content\/uploads\/2023\/08\/uaem-capacita.jpg\" class=\"attachment-medium size-medium\" alt=\"\" \/><\/a><\/p>\n"},"caption":{"rendered":"<p>La plataforma busca capacitar a la comunidad estudiantil y productores de ma\u00edz sobre c\u00f3mo sembrar sus cultivos de manera eficiente, \u00f3ptima y sostenible.<\/p>\n"},"alt_text":"","media_type":"image","mime_type":"image\/jpeg","media_details":{"width":460,"height":352,"file":"2023\/08\/uaem-capacita.jpg","filesize":63844,"sizes":{},"image_meta":{"aperture":"0","credit":"","camera":"","caption":"","created_timestamp":"0","copyright":"","focal_length":"0","iso":"0","shutter_speed":"0","title":"","orientation":"0","keywords":[]}},"post":594019,"source_url":"https:\/\/www.diarioimagen.net\/wp-content\/uploads\/2023\/08\/uaem-capacita.jpg","_links":{"self":[{"href":"https:\/\/www.diarioimagen.net\/index.php?rest_route=\/wp\/v2\/media\/594062","targetHints":{"allow":["GET"]}}],"collection":[{"href":"https:\/\/www.diarioimagen.net\/index.php?rest_route=\/wp\/v2\/media"}],"about":[{"href":"https:\/\/www.diarioimagen.net\/index.php?rest_route=\/wp\/v2\/types\/attachment"}],"author":[{"embeddable":true,"href":"https:\/\/www.diarioimagen.net\/index.php?rest_route=\/wp\/v2\/users\/3"}],"replies":[{"embeddable":true,"href":"https:\/\/www.diarioimagen.net\/index.php?rest_route=%2Fwp%2Fv2%2Fcomments&post=594062"}]}}

<p>La plataforma busca capacitar a la comunidad estudiantil y productores de maíz sobre cómo sembrar sus cultivos de manera eficiente, óptima y sostenible.</p>
