{"id":594065,"date":"2023-08-29T02:07:09","date_gmt":"2023-08-29T08:07:09","guid":{"rendered":"https:\/\/www.diarioimagen.net\/wp-content\/uploads\/2023\/08\/uaem-presenta.jpg"},"modified":"2023-08-29T02:07:16","modified_gmt":"2023-08-29T08:07:16","slug":"uaem-presenta-2","status":"inherit","type":"attachment","link":"https:\/\/www.diarioimagen.net\/?attachment_id=594065","title":{"rendered":"uaem-presenta"},"author":3,"featured_media":0,"comment_status":"open","ping_status":"closed","template":"","meta":{"_monsterinsights_skip_tracking":false,"_monsterinsights_sitenote_active":false,"_monsterinsights_sitenote_note":"","_monsterinsights_sitenote_category":0},"class_list":["post-594065","attachment","type-attachment","status-inherit","hentry"],"description":{"rendered":"<p class=\"attachment\"><a href='https:\/\/www.diarioimagen.net\/wp-content\/uploads\/2023\/08\/uaem-presenta.jpg'><img loading=\"lazy\" decoding=\"async\" width=\"240\" height=\"141\" src=\"https:\/\/www.diarioimagen.net\/wp-content\/uploads\/2023\/08\/uaem-presenta.jpg\" class=\"attachment-medium size-medium\" alt=\"\" \/><\/a><\/p>\n"},"caption":{"rendered":"<p>El director de Publicaciones Universitarias de la Aut\u00f3noma mexiquense, Jorge Robles \u00c1lvares, afirm\u00f3 que es un gran orgullo ver que cada a\u00f1o existen obras de mayor calidad.<\/p>\n"},"alt_text":"","media_type":"image","mime_type":"image\/jpeg","media_details":{"width":460,"height":270,"file":"2023\/08\/uaem-presenta.jpg","filesize":71290,"sizes":{},"image_meta":{"aperture":"0","credit":"","camera":"","caption":"","created_timestamp":"0","copyright":"","focal_length":"0","iso":"0","shutter_speed":"0","title":"","orientation":"0","keywords":[]}},"post":594021,"source_url":"https:\/\/www.diarioimagen.net\/wp-content\/uploads\/2023\/08\/uaem-presenta.jpg","_links":{"self":[{"href":"https:\/\/www.diarioimagen.net\/index.php?rest_route=\/wp\/v2\/media\/594065","targetHints":{"allow":["GET"]}}],"collection":[{"href":"https:\/\/www.diarioimagen.net\/index.php?rest_route=\/wp\/v2\/media"}],"about":[{"href":"https:\/\/www.diarioimagen.net\/index.php?rest_route=\/wp\/v2\/types\/attachment"}],"author":[{"embeddable":true,"href":"https:\/\/www.diarioimagen.net\/index.php?rest_route=\/wp\/v2\/users\/3"}],"replies":[{"embeddable":true,"href":"https:\/\/www.diarioimagen.net\/index.php?rest_route=%2Fwp%2Fv2%2Fcomments&post=594065"}]}}

<p>El director de Publicaciones Universitarias de la Autónoma mexiquense, Jorge Robles Álvares, afirmó que es un gran orgullo ver que cada año existen obras de mayor calidad.</p>
