{"id":594734,"date":"2023-09-05T00:36:15","date_gmt":"2023-09-05T06:36:15","guid":{"rendered":"https:\/\/www.diarioimagen.net\/wp-content\/uploads\/2023\/09\/VACUNA-DENGUE.jpg"},"modified":"2023-09-05T00:36:21","modified_gmt":"2023-09-05T06:36:21","slug":"vacuna-dengue","status":"inherit","type":"attachment","link":"https:\/\/www.diarioimagen.net\/?attachment_id=594734","title":{"rendered":"VACUNA-DENGUE"},"author":3,"featured_media":0,"comment_status":"open","ping_status":"closed","template":"","meta":{"_monsterinsights_skip_tracking":false,"_monsterinsights_sitenote_active":false,"_monsterinsights_sitenote_note":"","_monsterinsights_sitenote_category":0},"class_list":["post-594734","attachment","type-attachment","status-inherit","hentry"],"description":{"rendered":"<p class=\"attachment\"><a href='https:\/\/www.diarioimagen.net\/wp-content\/uploads\/2023\/09\/VACUNA-DENGUE.jpg'><img loading=\"lazy\" decoding=\"async\" width=\"240\" height=\"141\" src=\"https:\/\/www.diarioimagen.net\/wp-content\/uploads\/2023\/09\/VACUNA-DENGUE.jpg\" class=\"attachment-medium size-medium\" alt=\"\" \/><\/a><\/p>\n"},"caption":{"rendered":"<p>La Cofepris alerta por la aplicaci\u00f3n de la vacuna Dengvaxia contra el dengue a ni\u00f1os menores de 9 a\u00f1os, la cual no est\u00e1 recomendada para este sector.<\/p>\n"},"alt_text":"","media_type":"image","mime_type":"image\/jpeg","media_details":{"width":460,"height":270,"file":"2023\/09\/VACUNA-DENGUE.jpg","filesize":50781,"sizes":{},"image_meta":{"aperture":"0","credit":"","camera":"","caption":"","created_timestamp":"0","copyright":"","focal_length":"0","iso":"0","shutter_speed":"0","title":"","orientation":"0","keywords":[]}},"post":594664,"source_url":"https:\/\/www.diarioimagen.net\/wp-content\/uploads\/2023\/09\/VACUNA-DENGUE.jpg","_links":{"self":[{"href":"https:\/\/www.diarioimagen.net\/index.php?rest_route=\/wp\/v2\/media\/594734","targetHints":{"allow":["GET"]}}],"collection":[{"href":"https:\/\/www.diarioimagen.net\/index.php?rest_route=\/wp\/v2\/media"}],"about":[{"href":"https:\/\/www.diarioimagen.net\/index.php?rest_route=\/wp\/v2\/types\/attachment"}],"author":[{"embeddable":true,"href":"https:\/\/www.diarioimagen.net\/index.php?rest_route=\/wp\/v2\/users\/3"}],"replies":[{"embeddable":true,"href":"https:\/\/www.diarioimagen.net\/index.php?rest_route=%2Fwp%2Fv2%2Fcomments&post=594734"}]}}

<p>La Cofepris alerta por la aplicación de la vacuna Dengvaxia contra el dengue a niños menores de 9 años, la cual no está recomendada para este sector.</p>
