{"id":595852,"date":"2023-09-15T01:13:58","date_gmt":"2023-09-15T07:13:58","guid":{"rendered":"https:\/\/www.diarioimagen.net\/wp-content\/uploads\/2023\/09\/diputado-daniel.jpg"},"modified":"2023-09-15T01:14:02","modified_gmt":"2023-09-15T07:14:02","slug":"diputado-daniel","status":"inherit","type":"attachment","link":"https:\/\/www.diarioimagen.net\/?attachment_id=595852","title":{"rendered":"diputado-daniel"},"author":3,"featured_media":0,"comment_status":"open","ping_status":"closed","template":"","meta":{"_monsterinsights_skip_tracking":false,"_monsterinsights_sitenote_active":false,"_monsterinsights_sitenote_note":"","_monsterinsights_sitenote_category":0},"class_list":["post-595852","attachment","type-attachment","status-inherit","hentry"],"description":{"rendered":"<p class=\"attachment\"><a href='https:\/\/www.diarioimagen.net\/wp-content\/uploads\/2023\/09\/diputado-daniel.jpg'><img loading=\"lazy\" decoding=\"async\" width=\"240\" height=\"141\" src=\"https:\/\/www.diarioimagen.net\/wp-content\/uploads\/2023\/09\/diputado-daniel.jpg\" class=\"attachment-medium size-medium\" alt=\"\" \/><\/a><\/p>\n"},"caption":{"rendered":"<p>La Legislatura mexiquense aval\u00f3 la licencia a Daniel Sibaja Gonz\u00e1lez, tras dos a\u00f1os como diputado de Ecatepec.<\/p>\n"},"alt_text":"","media_type":"image","mime_type":"image\/jpeg","media_details":{"width":460,"height":270,"file":"2023\/09\/diputado-daniel.jpg","filesize":53449,"sizes":{},"image_meta":{"aperture":"0","credit":"","camera":"","caption":"","created_timestamp":"0","copyright":"","focal_length":"0","iso":"0","shutter_speed":"0","title":"","orientation":"0","keywords":[]}},"post":595779,"source_url":"https:\/\/www.diarioimagen.net\/wp-content\/uploads\/2023\/09\/diputado-daniel.jpg","_links":{"self":[{"href":"https:\/\/www.diarioimagen.net\/index.php?rest_route=\/wp\/v2\/media\/595852","targetHints":{"allow":["GET"]}}],"collection":[{"href":"https:\/\/www.diarioimagen.net\/index.php?rest_route=\/wp\/v2\/media"}],"about":[{"href":"https:\/\/www.diarioimagen.net\/index.php?rest_route=\/wp\/v2\/types\/attachment"}],"author":[{"embeddable":true,"href":"https:\/\/www.diarioimagen.net\/index.php?rest_route=\/wp\/v2\/users\/3"}],"replies":[{"embeddable":true,"href":"https:\/\/www.diarioimagen.net\/index.php?rest_route=%2Fwp%2Fv2%2Fcomments&post=595852"}]}}

<p>La Legislatura mexiquense avaló la licencia a Daniel Sibaja González, tras dos años como diputado de Ecatepec.</p>
