{"id":595924,"date":"2023-09-18T00:50:37","date_gmt":"2023-09-18T06:50:37","guid":{"rendered":"https:\/\/www.diarioimagen.net\/wp-content\/uploads\/2023\/09\/uaem-estudiantes.jpg"},"modified":"2023-09-18T00:50:41","modified_gmt":"2023-09-18T06:50:41","slug":"uaem-estudiantes-5","status":"inherit","type":"attachment","link":"https:\/\/www.diarioimagen.net\/?attachment_id=595924","title":{"rendered":"uaem-estudiantes"},"author":3,"featured_media":0,"comment_status":"open","ping_status":"closed","template":"","meta":{"_monsterinsights_skip_tracking":false,"_monsterinsights_sitenote_active":false,"_monsterinsights_sitenote_note":"","_monsterinsights_sitenote_category":0},"class_list":["post-595924","attachment","type-attachment","status-inherit","hentry"],"description":{"rendered":"<p class=\"attachment\"><a href='https:\/\/www.diarioimagen.net\/wp-content\/uploads\/2023\/09\/uaem-estudiantes.jpg'><img loading=\"lazy\" decoding=\"async\" width=\"240\" height=\"176\" src=\"https:\/\/www.diarioimagen.net\/wp-content\/uploads\/2023\/09\/uaem-estudiantes.jpg\" class=\"attachment-medium size-medium\" alt=\"\" \/><\/a><\/p>\n"},"caption":{"rendered":"<p>El Gobierno del Estado de M\u00e9xico, a trav\u00e9s del Instituto Mexiquense de la Juventud, galardon\u00f3 a las y los j\u00f3venes universitarios, en la modalidad \u201cLabor Social\u201d a Diego Reyes Figueroa, Paola Denise Gonz\u00e1lez Mendoza y Saira Alejandra Beltr\u00e1n Ju\u00e1rez. En tanto, Jes\u00fas Bonifacio Mej\u00eda Remigio fue reconocido en la modalidad \u201cTrayectoria Acad\u00e9mica\u201d; Ariel Bernal Lima, en la modalidad \u201cProtecci\u00f3n al Medio Ambiente\u201d; Daniel Calder\u00f3n Arenas, en la modalidad \u201cCultura Pol\u00edtica y Democracia\u201d, y Daniela Guadalupe Enriquez Ram\u00edrez, en la modalidad \u201cTrayectoria Art\u00edstica y Cultural\u201d.<\/p>\n"},"alt_text":"","media_type":"image","mime_type":"image\/jpeg","media_details":{"width":460,"height":338,"file":"2023\/09\/uaem-estudiantes.jpg","filesize":57777,"sizes":{},"image_meta":{"aperture":"0","credit":"","camera":"","caption":"","created_timestamp":"0","copyright":"","focal_length":"0","iso":"0","shutter_speed":"0","title":"","orientation":"0","keywords":[]}},"post":595870,"source_url":"https:\/\/www.diarioimagen.net\/wp-content\/uploads\/2023\/09\/uaem-estudiantes.jpg","_links":{"self":[{"href":"https:\/\/www.diarioimagen.net\/index.php?rest_route=\/wp\/v2\/media\/595924","targetHints":{"allow":["GET"]}}],"collection":[{"href":"https:\/\/www.diarioimagen.net\/index.php?rest_route=\/wp\/v2\/media"}],"about":[{"href":"https:\/\/www.diarioimagen.net\/index.php?rest_route=\/wp\/v2\/types\/attachment"}],"author":[{"embeddable":true,"href":"https:\/\/www.diarioimagen.net\/index.php?rest_route=\/wp\/v2\/users\/3"}],"replies":[{"embeddable":true,"href":"https:\/\/www.diarioimagen.net\/index.php?rest_route=%2Fwp%2Fv2%2Fcomments&post=595924"}]}}

<p>El Gobierno del Estado de México, a través del Instituto Mexiquense de la Juventud, galardonó a las y los jóvenes universitarios, en la modalidad “Labor Social” a Diego Reyes Figueroa, Paola Denise González Mendoza y Saira Alejandra Beltrán Juárez. En tanto, Jesús Bonifacio Mejía Remigio fue reconocido en la modalidad “Trayectoria Académica”; Ariel Bernal Lima, en la modalidad “Protección al Medio Ambiente”; Daniel Calderón Arenas, en la modalidad “Cultura Política y Democracia”, y Daniela Guadalupe Enriquez Ramírez, en la modalidad “Trayectoria Artística y Cultural”.</p>
