{"id":596611,"date":"2023-09-25T00:53:00","date_gmt":"2023-09-25T06:53:00","guid":{"rendered":"https:\/\/www.diarioimagen.net\/wp-content\/uploads\/2023\/09\/MINISTRA.jpg"},"modified":"2023-09-25T00:53:04","modified_gmt":"2023-09-25T06:53:04","slug":"ministra","status":"inherit","type":"attachment","link":"https:\/\/www.diarioimagen.net\/?attachment_id=596611","title":{"rendered":"MINISTRA"},"author":3,"featured_media":0,"comment_status":"open","ping_status":"closed","template":"","meta":{"_monsterinsights_skip_tracking":false,"_monsterinsights_sitenote_active":false,"_monsterinsights_sitenote_note":"","_monsterinsights_sitenote_category":0},"class_list":["post-596611","attachment","type-attachment","status-inherit","hentry"],"description":{"rendered":"<p class=\"attachment\"><a href='https:\/\/www.diarioimagen.net\/wp-content\/uploads\/2023\/09\/MINISTRA.jpg'><img loading=\"lazy\" decoding=\"async\" width=\"240\" height=\"141\" src=\"https:\/\/www.diarioimagen.net\/wp-content\/uploads\/2023\/09\/MINISTRA.jpg\" class=\"attachment-medium size-medium\" alt=\"\" \/><\/a><\/p>\n"},"caption":{"rendered":"<p>La ministra presidente Norma Pi\u00f1a Hern\u00e1ndez advirti\u00f3 que si disminuye presupuesto al Poder Judicial Federal para 2024 se puede detener la consolidaci\u00f3n del sistema penal acusatorio.<\/p>\n"},"alt_text":"","media_type":"image","mime_type":"image\/jpeg","media_details":{"width":460,"height":270,"file":"2023\/09\/MINISTRA.jpg","filesize":33925,"sizes":{},"image_meta":{"aperture":"0","credit":"","camera":"","caption":"","created_timestamp":"0","copyright":"","focal_length":"0","iso":"0","shutter_speed":"0","title":"","orientation":"0","keywords":[]}},"post":596561,"source_url":"https:\/\/www.diarioimagen.net\/wp-content\/uploads\/2023\/09\/MINISTRA.jpg","_links":{"self":[{"href":"https:\/\/www.diarioimagen.net\/index.php?rest_route=\/wp\/v2\/media\/596611","targetHints":{"allow":["GET"]}}],"collection":[{"href":"https:\/\/www.diarioimagen.net\/index.php?rest_route=\/wp\/v2\/media"}],"about":[{"href":"https:\/\/www.diarioimagen.net\/index.php?rest_route=\/wp\/v2\/types\/attachment"}],"author":[{"embeddable":true,"href":"https:\/\/www.diarioimagen.net\/index.php?rest_route=\/wp\/v2\/users\/3"}],"replies":[{"embeddable":true,"href":"https:\/\/www.diarioimagen.net\/index.php?rest_route=%2Fwp%2Fv2%2Fcomments&post=596611"}]}}

<p>La ministra presidente Norma Piña Hernández advirtió que si disminuye presupuesto al Poder Judicial Federal para 2024 se puede detener la consolidación del sistema penal acusatorio.</p>
