{"id":596938,"date":"2023-09-27T01:02:49","date_gmt":"2023-09-27T07:02:49","guid":{"rendered":"https:\/\/www.diarioimagen.net\/wp-content\/uploads\/2023\/09\/organo-fiscalizacion.jpg"},"modified":"2023-09-27T01:02:54","modified_gmt":"2023-09-27T07:02:54","slug":"organo-fiscalizacion","status":"inherit","type":"attachment","link":"https:\/\/www.diarioimagen.net\/?attachment_id=596938","title":{"rendered":"organo-fiscalizacion"},"author":3,"featured_media":0,"comment_status":"open","ping_status":"closed","template":"","meta":{"_monsterinsights_skip_tracking":false,"_monsterinsights_sitenote_active":false,"_monsterinsights_sitenote_note":"","_monsterinsights_sitenote_category":0},"class_list":["post-596938","attachment","type-attachment","status-inherit","hentry"],"description":{"rendered":"<p class=\"attachment\"><a href='https:\/\/www.diarioimagen.net\/wp-content\/uploads\/2023\/09\/organo-fiscalizacion.jpg'><img loading=\"lazy\" decoding=\"async\" width=\"240\" height=\"141\" src=\"https:\/\/www.diarioimagen.net\/wp-content\/uploads\/2023\/09\/organo-fiscalizacion.jpg\" class=\"attachment-medium size-medium\" alt=\"\" \/><\/a><\/p>\n"},"caption":{"rendered":"<p>La administraci\u00f3n de Cuautitl\u00e1n Izcalli, con Karla Fiesco a la cabeza, contin\u00faa demostrando su compromiso con la rendici\u00f3n de cuentas y la gesti\u00f3n de recursos p\u00fablicos.<\/p>\n"},"alt_text":"","media_type":"image","mime_type":"image\/jpeg","media_details":{"width":460,"height":270,"file":"2023\/09\/organo-fiscalizacion.jpg","filesize":45450,"sizes":{},"image_meta":{"aperture":"0","credit":"","camera":"","caption":"","created_timestamp":"0","copyright":"","focal_length":"0","iso":"0","shutter_speed":"0","title":"","orientation":"0","keywords":[]}},"post":596836,"source_url":"https:\/\/www.diarioimagen.net\/wp-content\/uploads\/2023\/09\/organo-fiscalizacion.jpg","_links":{"self":[{"href":"https:\/\/www.diarioimagen.net\/index.php?rest_route=\/wp\/v2\/media\/596938","targetHints":{"allow":["GET"]}}],"collection":[{"href":"https:\/\/www.diarioimagen.net\/index.php?rest_route=\/wp\/v2\/media"}],"about":[{"href":"https:\/\/www.diarioimagen.net\/index.php?rest_route=\/wp\/v2\/types\/attachment"}],"author":[{"embeddable":true,"href":"https:\/\/www.diarioimagen.net\/index.php?rest_route=\/wp\/v2\/users\/3"}],"replies":[{"embeddable":true,"href":"https:\/\/www.diarioimagen.net\/index.php?rest_route=%2Fwp%2Fv2%2Fcomments&post=596938"}]}}

<p>La administración de Cuautitlán Izcalli, con Karla Fiesco a la cabeza, continúa demostrando su compromiso con la rendición de cuentas y la gestión de recursos públicos.</p>
