{"id":597151,"date":"2023-09-29T01:32:44","date_gmt":"2023-09-29T07:32:44","guid":{"rendered":"https:\/\/www.diarioimagen.net\/wp-content\/uploads\/2023\/09\/tribunal-7.jpg"},"modified":"2023-09-29T01:32:50","modified_gmt":"2023-09-29T07:32:50","slug":"tribunal-344","status":"inherit","type":"attachment","link":"https:\/\/www.diarioimagen.net\/?attachment_id=597151","title":{"rendered":"tribunal"},"author":3,"featured_media":0,"comment_status":"open","ping_status":"closed","template":"","meta":{"_monsterinsights_skip_tracking":false,"_monsterinsights_sitenote_active":false,"_monsterinsights_sitenote_note":"","_monsterinsights_sitenote_category":0},"class_list":["post-597151","attachment","type-attachment","status-inherit","hentry"],"description":{"rendered":"<p class=\"attachment\"><a href='https:\/\/www.diarioimagen.net\/wp-content\/uploads\/2023\/09\/tribunal-7.jpg'><img loading=\"lazy\" decoding=\"async\" width=\"240\" height=\"141\" src=\"https:\/\/www.diarioimagen.net\/wp-content\/uploads\/2023\/09\/tribunal-7.jpg\" class=\"attachment-medium size-medium\" alt=\"\" \/><\/a><\/p>\n"},"caption":{"rendered":"<p>El titular de la Oficina Internacional para el Desarrollo de Sistemas de Procuraci\u00f3n de Justicia (OPDAT), Ren\u00e9 Valle; la consejera de la Judicatura de la CDMX, Emma Campos Burgos; la secretaria t\u00e9cnica de la Unidad para la Consolidaci\u00f3n del Nuevo Sistema de Justicia Penal (UCNSJP) del Consejo de la Judicatura Federal, Miriam Ortiz Alfie, y el asesor legal de OPDAT, Guillermo Gonz\u00e1lez Soto.<\/p>\n"},"alt_text":"","media_type":"image","mime_type":"image\/jpeg","media_details":{"width":460,"height":270,"file":"2023\/09\/tribunal-7.jpg","filesize":48800,"sizes":{},"image_meta":{"aperture":"0","credit":"","camera":"","caption":"","created_timestamp":"0","copyright":"","focal_length":"0","iso":"0","shutter_speed":"0","title":"","orientation":"0","keywords":[]}},"post":597093,"source_url":"https:\/\/www.diarioimagen.net\/wp-content\/uploads\/2023\/09\/tribunal-7.jpg","_links":{"self":[{"href":"https:\/\/www.diarioimagen.net\/index.php?rest_route=\/wp\/v2\/media\/597151","targetHints":{"allow":["GET"]}}],"collection":[{"href":"https:\/\/www.diarioimagen.net\/index.php?rest_route=\/wp\/v2\/media"}],"about":[{"href":"https:\/\/www.diarioimagen.net\/index.php?rest_route=\/wp\/v2\/types\/attachment"}],"author":[{"embeddable":true,"href":"https:\/\/www.diarioimagen.net\/index.php?rest_route=\/wp\/v2\/users\/3"}],"replies":[{"embeddable":true,"href":"https:\/\/www.diarioimagen.net\/index.php?rest_route=%2Fwp%2Fv2%2Fcomments&post=597151"}]}}

<p>El titular de la Oficina Internacional para el Desarrollo de Sistemas de Procuración de Justicia (OPDAT), René Valle; la consejera de la Judicatura de la CDMX, Emma Campos Burgos; la secretaria técnica de la Unidad para la Consolidación del Nuevo Sistema de Justicia Penal (UCNSJP) del Consejo de la Judicatura Federal, Miriam Ortiz Alfie, y el asesor legal de OPDAT, Guillermo González Soto.</p>
