{"id":597878,"date":"2023-10-06T00:43:39","date_gmt":"2023-10-06T06:43:39","guid":{"rendered":"https:\/\/www.diarioimagen.net\/wp-content\/uploads\/2023\/10\/REUNION-ALTO-NIVEL.jpg"},"modified":"2023-10-06T00:43:44","modified_gmt":"2023-10-06T06:43:44","slug":"reunion-alto-nivel","status":"inherit","type":"attachment","link":"https:\/\/www.diarioimagen.net\/?attachment_id=597878","title":{"rendered":"REUNION-ALTO-NIVEL"},"author":3,"featured_media":0,"comment_status":"open","ping_status":"closed","template":"","meta":{"_monsterinsights_skip_tracking":false,"_monsterinsights_sitenote_active":false,"_monsterinsights_sitenote_note":"","_monsterinsights_sitenote_category":0},"class_list":["post-597878","attachment","type-attachment","status-inherit","hentry"],"description":{"rendered":"<p class=\"attachment\"><a href='https:\/\/www.diarioimagen.net\/wp-content\/uploads\/2023\/10\/REUNION-ALTO-NIVEL.jpg'><img loading=\"lazy\" decoding=\"async\" width=\"240\" height=\"141\" src=\"https:\/\/www.diarioimagen.net\/wp-content\/uploads\/2023\/10\/REUNION-ALTO-NIVEL.jpg\" class=\"attachment-medium size-medium\" alt=\"\" \/><\/a><\/p>\n"},"caption":{"rendered":"<p>Delegaciones de M\u00e9xico y Estados Unidos participaron en la Reuni\u00f3n de Alto Nivel en Materia de Seguridad M\u00e9xico Estados Unidos, en Palacio Nacional .<\/p>\n"},"alt_text":"","media_type":"image","mime_type":"image\/jpeg","media_details":{"width":460,"height":270,"file":"2023\/10\/REUNION-ALTO-NIVEL.jpg","filesize":65061,"sizes":{},"image_meta":{"aperture":"0","credit":"","camera":"","caption":"","created_timestamp":"0","copyright":"","focal_length":"0","iso":"0","shutter_speed":"0","title":"","orientation":"0","keywords":[]}},"post":597810,"source_url":"https:\/\/www.diarioimagen.net\/wp-content\/uploads\/2023\/10\/REUNION-ALTO-NIVEL.jpg","_links":{"self":[{"href":"https:\/\/www.diarioimagen.net\/index.php?rest_route=\/wp\/v2\/media\/597878","targetHints":{"allow":["GET"]}}],"collection":[{"href":"https:\/\/www.diarioimagen.net\/index.php?rest_route=\/wp\/v2\/media"}],"about":[{"href":"https:\/\/www.diarioimagen.net\/index.php?rest_route=\/wp\/v2\/types\/attachment"}],"author":[{"embeddable":true,"href":"https:\/\/www.diarioimagen.net\/index.php?rest_route=\/wp\/v2\/users\/3"}],"replies":[{"embeddable":true,"href":"https:\/\/www.diarioimagen.net\/index.php?rest_route=%2Fwp%2Fv2%2Fcomments&post=597878"}]}}

<p>Delegaciones de México y Estados Unidos participaron en la Reunión de Alto Nivel en Materia de Seguridad México Estados Unidos, en Palacio Nacional .</p>
