{"id":598369,"date":"2023-10-12T01:31:23","date_gmt":"2023-10-12T07:31:23","guid":{"rendered":"https:\/\/www.diarioimagen.net\/wp-content\/uploads\/2023\/10\/MEXICANOS-RESCATADOS.jpg"},"modified":"2023-10-12T01:31:28","modified_gmt":"2023-10-12T07:31:28","slug":"mexicanos-rescatados","status":"inherit","type":"attachment","link":"https:\/\/www.diarioimagen.net\/?attachment_id=598369","title":{"rendered":"MEXICANOS-RESCATADOS"},"author":3,"featured_media":0,"comment_status":"open","ping_status":"closed","template":"","meta":{"_monsterinsights_skip_tracking":false,"_monsterinsights_sitenote_active":false,"_monsterinsights_sitenote_note":"","_monsterinsights_sitenote_category":0},"class_list":["post-598369","attachment","type-attachment","status-inherit","hentry"],"description":{"rendered":"<p class=\"attachment\"><a href='https:\/\/www.diarioimagen.net\/wp-content\/uploads\/2023\/10\/MEXICANOS-RESCATADOS.jpg'><img loading=\"lazy\" decoding=\"async\" width=\"240\" height=\"141\" src=\"https:\/\/www.diarioimagen.net\/wp-content\/uploads\/2023\/10\/MEXICANOS-RESCATADOS.jpg\" class=\"attachment-medium size-medium\" alt=\"\" \/><\/a><\/p>\n"},"caption":{"rendered":"<p>Los dos aviones que envi\u00f3 el gobierno de M\u00e9xico a Israel, regresaron al pa\u00eds con 276 connacionales que estaban varados en Tel Aviv.<\/p>\n"},"alt_text":"","media_type":"image","mime_type":"image\/jpeg","media_details":{"width":460,"height":270,"file":"2023\/10\/MEXICANOS-RESCATADOS.jpg","filesize":71402,"sizes":{},"image_meta":{"aperture":"0","credit":"","camera":"","caption":"","created_timestamp":"0","copyright":"","focal_length":"0","iso":"0","shutter_speed":"0","title":"","orientation":"0","keywords":[]}},"post":598296,"source_url":"https:\/\/www.diarioimagen.net\/wp-content\/uploads\/2023\/10\/MEXICANOS-RESCATADOS.jpg","_links":{"self":[{"href":"https:\/\/www.diarioimagen.net\/index.php?rest_route=\/wp\/v2\/media\/598369","targetHints":{"allow":["GET"]}}],"collection":[{"href":"https:\/\/www.diarioimagen.net\/index.php?rest_route=\/wp\/v2\/media"}],"about":[{"href":"https:\/\/www.diarioimagen.net\/index.php?rest_route=\/wp\/v2\/types\/attachment"}],"author":[{"embeddable":true,"href":"https:\/\/www.diarioimagen.net\/index.php?rest_route=\/wp\/v2\/users\/3"}],"replies":[{"embeddable":true,"href":"https:\/\/www.diarioimagen.net\/index.php?rest_route=%2Fwp%2Fv2%2Fcomments&post=598369"}]}}

<p>Los dos aviones que envió el gobierno de México a Israel, regresaron al país con 276 connacionales que estaban varados en Tel Aviv.</p>
