{"id":598909,"date":"2023-10-18T01:11:03","date_gmt":"2023-10-18T07:11:03","guid":{"rendered":"https:\/\/www.diarioimagen.net\/wp-content\/uploads\/2023\/10\/uaem-arranca.jpg"},"modified":"2023-10-18T01:11:07","modified_gmt":"2023-10-18T07:11:07","slug":"uaem-arranca-2","status":"inherit","type":"attachment","link":"https:\/\/www.diarioimagen.net\/?attachment_id=598909","title":{"rendered":"uaem-arranca"},"author":3,"featured_media":0,"comment_status":"open","ping_status":"closed","template":"","meta":{"_monsterinsights_skip_tracking":false,"_monsterinsights_sitenote_active":false,"_monsterinsights_sitenote_note":"","_monsterinsights_sitenote_category":0},"class_list":["post-598909","attachment","type-attachment","status-inherit","hentry"],"description":{"rendered":"<p class=\"attachment\"><a href='https:\/\/www.diarioimagen.net\/wp-content\/uploads\/2023\/10\/uaem-arranca.jpg'><img loading=\"lazy\" decoding=\"async\" width=\"240\" height=\"141\" src=\"https:\/\/www.diarioimagen.net\/wp-content\/uploads\/2023\/10\/uaem-arranca.jpg\" class=\"attachment-medium size-medium\" alt=\"\" \/><\/a><\/p>\n"},"caption":{"rendered":"<p>Esta campa\u00f1a contribuye a la reducci\u00f3n de la huella ecol\u00f3gica de la Aut\u00f3noma mexiquense, sumando a las metas y los alcances de la Agenda 2030, espec\u00edficamente al pilar de planeta que busca la conservaci\u00f3n de la biodiversidad.<\/p>\n"},"alt_text":"","media_type":"image","mime_type":"image\/jpeg","media_details":{"width":460,"height":270,"file":"2023\/10\/uaem-arranca.jpg","filesize":100697,"sizes":{},"image_meta":{"aperture":"0","credit":"","camera":"","caption":"","created_timestamp":"0","copyright":"","focal_length":"0","iso":"0","shutter_speed":"0","title":"","orientation":"0","keywords":[]}},"post":598827,"source_url":"https:\/\/www.diarioimagen.net\/wp-content\/uploads\/2023\/10\/uaem-arranca.jpg","_links":{"self":[{"href":"https:\/\/www.diarioimagen.net\/index.php?rest_route=\/wp\/v2\/media\/598909","targetHints":{"allow":["GET"]}}],"collection":[{"href":"https:\/\/www.diarioimagen.net\/index.php?rest_route=\/wp\/v2\/media"}],"about":[{"href":"https:\/\/www.diarioimagen.net\/index.php?rest_route=\/wp\/v2\/types\/attachment"}],"author":[{"embeddable":true,"href":"https:\/\/www.diarioimagen.net\/index.php?rest_route=\/wp\/v2\/users\/3"}],"replies":[{"embeddable":true,"href":"https:\/\/www.diarioimagen.net\/index.php?rest_route=%2Fwp%2Fv2%2Fcomments&post=598909"}]}}

<p>Esta campaña contribuye a la reducción de la huella ecológica de la Autónoma mexiquense, sumando a las metas y los alcances de la Agenda 2030, específicamente al pilar de planeta que busca la conservación de la biodiversidad.</p>
