{"id":598911,"date":"2023-10-18T01:11:38","date_gmt":"2023-10-18T07:11:38","guid":{"rendered":"https:\/\/www.diarioimagen.net\/wp-content\/uploads\/2023\/10\/uaem-conmemoran.jpg"},"modified":"2023-10-18T01:11:43","modified_gmt":"2023-10-18T07:11:43","slug":"uaem-conmemoran-3","status":"inherit","type":"attachment","link":"https:\/\/www.diarioimagen.net\/?attachment_id=598911","title":{"rendered":"uaem-conmemoran"},"author":3,"featured_media":0,"comment_status":"open","ping_status":"closed","template":"","meta":{"_monsterinsights_skip_tracking":false,"_monsterinsights_sitenote_active":false,"_monsterinsights_sitenote_note":"","_monsterinsights_sitenote_category":0},"class_list":["post-598911","attachment","type-attachment","status-inherit","hentry"],"description":{"rendered":"<p class=\"attachment\"><a href='https:\/\/www.diarioimagen.net\/wp-content\/uploads\/2023\/10\/uaem-conmemoran.jpg'><img loading=\"lazy\" decoding=\"async\" width=\"240\" height=\"141\" src=\"https:\/\/www.diarioimagen.net\/wp-content\/uploads\/2023\/10\/uaem-conmemoran.jpg\" class=\"attachment-medium size-medium\" alt=\"\" \/><\/a><\/p>\n"},"caption":{"rendered":"<p>El secretario de Docencia de la UAEM\u00e9x, Jos\u00e9 Raymundo Marcial Romero, encabez\u00f3 la conmemoraci\u00f3n.<\/p>\n"},"alt_text":"","media_type":"image","mime_type":"image\/jpeg","media_details":{"width":460,"height":270,"file":"2023\/10\/uaem-conmemoran.jpg","filesize":61510,"sizes":{},"image_meta":{"aperture":"0","credit":"","camera":"","caption":"","created_timestamp":"0","copyright":"","focal_length":"0","iso":"0","shutter_speed":"0","title":"","orientation":"0","keywords":[]}},"post":598826,"source_url":"https:\/\/www.diarioimagen.net\/wp-content\/uploads\/2023\/10\/uaem-conmemoran.jpg","_links":{"self":[{"href":"https:\/\/www.diarioimagen.net\/index.php?rest_route=\/wp\/v2\/media\/598911","targetHints":{"allow":["GET"]}}],"collection":[{"href":"https:\/\/www.diarioimagen.net\/index.php?rest_route=\/wp\/v2\/media"}],"about":[{"href":"https:\/\/www.diarioimagen.net\/index.php?rest_route=\/wp\/v2\/types\/attachment"}],"author":[{"embeddable":true,"href":"https:\/\/www.diarioimagen.net\/index.php?rest_route=\/wp\/v2\/users\/3"}],"replies":[{"embeddable":true,"href":"https:\/\/www.diarioimagen.net\/index.php?rest_route=%2Fwp%2Fv2%2Fcomments&post=598911"}]}}

<p>El secretario de Docencia de la UAEMéx, José Raymundo Marcial Romero, encabezó la conmemoración.</p>
