{"id":598915,"date":"2023-10-18T01:13:10","date_gmt":"2023-10-18T07:13:10","guid":{"rendered":"https:\/\/www.diarioimagen.net\/wp-content\/uploads\/2023\/10\/VACUNA-PFIZER.jpg"},"modified":"2023-10-18T01:13:15","modified_gmt":"2023-10-18T07:13:15","slug":"vacuna-pfizer-11","status":"inherit","type":"attachment","link":"https:\/\/www.diarioimagen.net\/?attachment_id=598915","title":{"rendered":"VACUNA-PFIZER"},"author":3,"featured_media":0,"comment_status":"open","ping_status":"closed","template":"","meta":{"_monsterinsights_skip_tracking":false,"_monsterinsights_sitenote_active":false,"_monsterinsights_sitenote_note":"","_monsterinsights_sitenote_category":0},"class_list":["post-598915","attachment","type-attachment","status-inherit","hentry"],"description":{"rendered":"<p class=\"attachment\"><a href='https:\/\/www.diarioimagen.net\/wp-content\/uploads\/2023\/10\/VACUNA-PFIZER.jpg'><img loading=\"lazy\" decoding=\"async\" width=\"240\" height=\"141\" src=\"https:\/\/www.diarioimagen.net\/wp-content\/uploads\/2023\/10\/VACUNA-PFIZER.jpg\" class=\"attachment-medium size-medium\" alt=\"\" \/><\/a><\/p>\n"},"caption":{"rendered":"<p>La vacuna Comirnaty de Pfizer, actualizada para enfrentar la variante \u00f3micron XBB.1.5, recibi\u00f3 aprobaci\u00f3n inicial del Comit\u00e9 de Mol\u00e9culas Nuevas en M\u00e9xico, de la Cofepris.<\/p>\n"},"alt_text":"","media_type":"image","mime_type":"image\/jpeg","media_details":{"width":460,"height":270,"file":"2023\/10\/VACUNA-PFIZER.jpg","filesize":50876,"sizes":{},"image_meta":{"aperture":"0","credit":"","camera":"","caption":"","created_timestamp":"0","copyright":"","focal_length":"0","iso":"0","shutter_speed":"0","title":"","orientation":"0","keywords":[]}},"post":598821,"source_url":"https:\/\/www.diarioimagen.net\/wp-content\/uploads\/2023\/10\/VACUNA-PFIZER.jpg","_links":{"self":[{"href":"https:\/\/www.diarioimagen.net\/index.php?rest_route=\/wp\/v2\/media\/598915","targetHints":{"allow":["GET"]}}],"collection":[{"href":"https:\/\/www.diarioimagen.net\/index.php?rest_route=\/wp\/v2\/media"}],"about":[{"href":"https:\/\/www.diarioimagen.net\/index.php?rest_route=\/wp\/v2\/types\/attachment"}],"author":[{"embeddable":true,"href":"https:\/\/www.diarioimagen.net\/index.php?rest_route=\/wp\/v2\/users\/3"}],"replies":[{"embeddable":true,"href":"https:\/\/www.diarioimagen.net\/index.php?rest_route=%2Fwp%2Fv2%2Fcomments&post=598915"}]}}

<p>La vacuna Comirnaty de Pfizer, actualizada para enfrentar la variante ómicron XBB.1.5, recibió aprobación inicial del Comité de Moléculas Nuevas en México, de la Cofepris.</p>
