{"id":599056,"date":"2023-10-19T02:48:46","date_gmt":"2023-10-19T08:48:46","guid":{"rendered":"https:\/\/www.diarioimagen.net\/wp-content\/uploads\/2023\/10\/TREN-MAYA.jpg"},"modified":"2023-10-19T02:48:50","modified_gmt":"2023-10-19T08:48:50","slug":"tren-maya-18","status":"inherit","type":"attachment","link":"https:\/\/www.diarioimagen.net\/?attachment_id=599056","title":{"rendered":"TREN-MAYA"},"author":3,"featured_media":0,"comment_status":"open","ping_status":"closed","template":"","meta":{"_monsterinsights_skip_tracking":false,"_monsterinsights_sitenote_active":false,"_monsterinsights_sitenote_note":"","_monsterinsights_sitenote_category":0},"class_list":["post-599056","attachment","type-attachment","status-inherit","hentry"],"description":{"rendered":"<p class=\"attachment\"><a href='https:\/\/www.diarioimagen.net\/wp-content\/uploads\/2023\/10\/TREN-MAYA.jpg'><img loading=\"lazy\" decoding=\"async\" width=\"240\" height=\"141\" src=\"https:\/\/www.diarioimagen.net\/wp-content\/uploads\/2023\/10\/TREN-MAYA.jpg\" class=\"attachment-medium size-medium\" alt=\"\" \/><\/a><\/p>\n"},"caption":{"rendered":"<p>El proyecto del Tren Maya elev\u00f3 la plusval\u00eda de los inmuebles y las construcciones en el sureste del pa\u00eds casi 400 por ciento, en los \u00faltimos 3 a\u00f1os.<\/p>\n"},"alt_text":"","media_type":"image","mime_type":"image\/jpeg","media_details":{"width":460,"height":270,"file":"2023\/10\/TREN-MAYA.jpg","filesize":69895,"sizes":{},"image_meta":{"aperture":"0","credit":"","camera":"","caption":"","created_timestamp":"0","copyright":"","focal_length":"0","iso":"0","shutter_speed":"0","title":"","orientation":"0","keywords":[]}},"post":598964,"source_url":"https:\/\/www.diarioimagen.net\/wp-content\/uploads\/2023\/10\/TREN-MAYA.jpg","_links":{"self":[{"href":"https:\/\/www.diarioimagen.net\/index.php?rest_route=\/wp\/v2\/media\/599056","targetHints":{"allow":["GET"]}}],"collection":[{"href":"https:\/\/www.diarioimagen.net\/index.php?rest_route=\/wp\/v2\/media"}],"about":[{"href":"https:\/\/www.diarioimagen.net\/index.php?rest_route=\/wp\/v2\/types\/attachment"}],"author":[{"embeddable":true,"href":"https:\/\/www.diarioimagen.net\/index.php?rest_route=\/wp\/v2\/users\/3"}],"replies":[{"embeddable":true,"href":"https:\/\/www.diarioimagen.net\/index.php?rest_route=%2Fwp%2Fv2%2Fcomments&post=599056"}]}}

<p>El proyecto del Tren Maya elevó la plusvalía de los inmuebles y las construcciones en el sureste del país casi 400 por ciento, en los últimos 3 años.</p>
