{"id":599736,"date":"2023-10-26T01:33:45","date_gmt":"2023-10-26T07:33:45","guid":{"rendered":"https:\/\/www.diarioimagen.net\/wp-content\/uploads\/2023\/10\/INFLUENZA.jpg"},"modified":"2023-10-26T01:33:51","modified_gmt":"2023-10-26T07:33:51","slug":"influenza-5","status":"inherit","type":"attachment","link":"https:\/\/www.diarioimagen.net\/?attachment_id=599736","title":{"rendered":"INFLUENZA"},"author":3,"featured_media":0,"comment_status":"open","ping_status":"closed","template":"","meta":{"_monsterinsights_skip_tracking":false,"_monsterinsights_sitenote_active":false,"_monsterinsights_sitenote_note":"","_monsterinsights_sitenote_category":0},"class_list":["post-599736","attachment","type-attachment","status-inherit","hentry"],"description":{"rendered":"<p class=\"attachment\"><a href='https:\/\/www.diarioimagen.net\/wp-content\/uploads\/2023\/10\/INFLUENZA.jpg'><img loading=\"lazy\" decoding=\"async\" width=\"240\" height=\"141\" src=\"https:\/\/www.diarioimagen.net\/wp-content\/uploads\/2023\/10\/INFLUENZA.jpg\" class=\"attachment-medium size-medium\" alt=\"\" \/><\/a><\/p>\n"},"caption":{"rendered":"<p>Esta temporada de influenza podr\u00eda ser de las m\u00e1s severas registrada en M\u00e9xico porque por primera vez circular\u00e1n al mismo tiempo varios virus como la influenza tipo A y B, Covid-19 y el sincitial respiratorio VSR.<\/p>\n"},"alt_text":"","media_type":"image","mime_type":"image\/jpeg","media_details":{"width":460,"height":270,"file":"2023\/10\/INFLUENZA.jpg","filesize":58101,"sizes":{},"image_meta":{"aperture":"0","credit":"","camera":"","caption":"","created_timestamp":"0","copyright":"Graciela L\u00f3pez @Cuartoscuro","focal_length":"0","iso":"0","shutter_speed":"0","title":"","orientation":"0","keywords":[]}},"post":599655,"source_url":"https:\/\/www.diarioimagen.net\/wp-content\/uploads\/2023\/10\/INFLUENZA.jpg","_links":{"self":[{"href":"https:\/\/www.diarioimagen.net\/index.php?rest_route=\/wp\/v2\/media\/599736","targetHints":{"allow":["GET"]}}],"collection":[{"href":"https:\/\/www.diarioimagen.net\/index.php?rest_route=\/wp\/v2\/media"}],"about":[{"href":"https:\/\/www.diarioimagen.net\/index.php?rest_route=\/wp\/v2\/types\/attachment"}],"author":[{"embeddable":true,"href":"https:\/\/www.diarioimagen.net\/index.php?rest_route=\/wp\/v2\/users\/3"}],"replies":[{"embeddable":true,"href":"https:\/\/www.diarioimagen.net\/index.php?rest_route=%2Fwp%2Fv2%2Fcomments&post=599736"}]}}

<p>Esta temporada de influenza podría ser de las más severas registrada en México porque por primera vez circularán al mismo tiempo varios virus como la influenza tipo A y B, Covid-19 y el sincitial respiratorio VSR.</p>

Graciela López @Cuartoscuro
