{"id":600392,"date":"2023-11-02T01:11:21","date_gmt":"2023-11-02T07:11:21","guid":{"rendered":"https:\/\/www.diarioimagen.net\/wp-content\/uploads\/2023\/11\/Derecho.jpg"},"modified":"2023-11-02T01:11:26","modified_gmt":"2023-11-02T07:11:26","slug":"derecho-756","status":"inherit","type":"attachment","link":"https:\/\/www.diarioimagen.net\/?attachment_id=600392","title":{"rendered":"Derecho"},"author":3,"featured_media":0,"comment_status":"open","ping_status":"closed","template":"","meta":{"_monsterinsights_skip_tracking":false,"_monsterinsights_sitenote_active":false,"_monsterinsights_sitenote_note":"","_monsterinsights_sitenote_category":0},"class_list":["post-600392","attachment","type-attachment","status-inherit","hentry"],"description":{"rendered":"<p class=\"attachment\"><a href='https:\/\/www.diarioimagen.net\/wp-content\/uploads\/2023\/11\/Derecho.jpg'><img loading=\"lazy\" decoding=\"async\" width=\"240\" height=\"141\" src=\"https:\/\/www.diarioimagen.net\/wp-content\/uploads\/2023\/11\/Derecho.jpg\" class=\"attachment-medium size-medium\" alt=\"\" \/><\/a><\/p>\n"},"caption":{"rendered":"<p>Mara Lezama Espinosa anunci\u00f3 una inversi\u00f3n de m\u00e1s de 15 millones de pesos para concluir la quinta etapa del nuevo poliforum en la Universidad Tecnol\u00f3gica de Canc\u00fan.<\/p>\n"},"alt_text":"","media_type":"image","mime_type":"image\/jpeg","media_details":{"width":460,"height":270,"file":"2023\/11\/Derecho.jpg","filesize":60308,"sizes":{},"image_meta":{"aperture":"0","credit":"","camera":"","caption":"","created_timestamp":"0","copyright":"","focal_length":"0","iso":"0","shutter_speed":"0","title":"","orientation":"0","keywords":[]}},"post":600330,"source_url":"https:\/\/www.diarioimagen.net\/wp-content\/uploads\/2023\/11\/Derecho.jpg","_links":{"self":[{"href":"https:\/\/www.diarioimagen.net\/index.php?rest_route=\/wp\/v2\/media\/600392","targetHints":{"allow":["GET"]}}],"collection":[{"href":"https:\/\/www.diarioimagen.net\/index.php?rest_route=\/wp\/v2\/media"}],"about":[{"href":"https:\/\/www.diarioimagen.net\/index.php?rest_route=\/wp\/v2\/types\/attachment"}],"author":[{"embeddable":true,"href":"https:\/\/www.diarioimagen.net\/index.php?rest_route=\/wp\/v2\/users\/3"}],"replies":[{"embeddable":true,"href":"https:\/\/www.diarioimagen.net\/index.php?rest_route=%2Fwp%2Fv2%2Fcomments&post=600392"}]}}

<p>Mara Lezama Espinosa anunció una inversión de más de 15 millones de pesos para concluir la quinta etapa del nuevo poliforum en la Universidad Tecnológica de Cancún.</p>
