{"id":600487,"date":"2023-11-03T01:31:47","date_gmt":"2023-11-03T07:31:47","guid":{"rendered":"https:\/\/www.diarioimagen.net\/wp-content\/uploads\/2023\/11\/RECORTE-PRESUPUESTO.jpg"},"modified":"2023-11-03T01:31:52","modified_gmt":"2023-11-03T07:31:52","slug":"recorte-presupuesto","status":"inherit","type":"attachment","link":"https:\/\/www.diarioimagen.net\/?attachment_id=600487","title":{"rendered":"RECORTE-PRESUPUESTO"},"author":3,"featured_media":0,"comment_status":"open","ping_status":"closed","template":"","meta":{"_monsterinsights_skip_tracking":false,"_monsterinsights_sitenote_active":false,"_monsterinsights_sitenote_note":"","_monsterinsights_sitenote_category":0},"class_list":["post-600487","attachment","type-attachment","status-inherit","hentry"],"description":{"rendered":"<p class=\"attachment\"><a href='https:\/\/www.diarioimagen.net\/wp-content\/uploads\/2023\/11\/RECORTE-PRESUPUESTO.jpg'><img loading=\"lazy\" decoding=\"async\" width=\"240\" height=\"141\" src=\"https:\/\/www.diarioimagen.net\/wp-content\/uploads\/2023\/11\/RECORTE-PRESUPUESTO.jpg\" class=\"attachment-medium size-medium\" alt=\"\" \/><\/a><\/p>\n"},"caption":{"rendered":"<p>La Comisi\u00f3n de Presupuesto y Cuenta P\u00fablica de la C\u00e1mara baja votar\u00e1 el Proyecto de Dictamen del Presupuesto de Egresos, que prev\u00e9 un recorte por 13 mil 262 millones 399 mil 680 pesos.<\/p>\n"},"alt_text":"","media_type":"image","mime_type":"image\/jpeg","media_details":{"width":460,"height":270,"file":"2023\/11\/RECORTE-PRESUPUESTO.jpg","filesize":83267,"sizes":{},"image_meta":{"aperture":"0","credit":"","camera":"","caption":"","created_timestamp":"0","copyright":"","focal_length":"0","iso":"0","shutter_speed":"0","title":"","orientation":"0","keywords":[]}},"post":600452,"source_url":"https:\/\/www.diarioimagen.net\/wp-content\/uploads\/2023\/11\/RECORTE-PRESUPUESTO.jpg","_links":{"self":[{"href":"https:\/\/www.diarioimagen.net\/index.php?rest_route=\/wp\/v2\/media\/600487","targetHints":{"allow":["GET"]}}],"collection":[{"href":"https:\/\/www.diarioimagen.net\/index.php?rest_route=\/wp\/v2\/media"}],"about":[{"href":"https:\/\/www.diarioimagen.net\/index.php?rest_route=\/wp\/v2\/types\/attachment"}],"author":[{"embeddable":true,"href":"https:\/\/www.diarioimagen.net\/index.php?rest_route=\/wp\/v2\/users\/3"}],"replies":[{"embeddable":true,"href":"https:\/\/www.diarioimagen.net\/index.php?rest_route=%2Fwp%2Fv2%2Fcomments&post=600487"}]}}

<p>La Comisión de Presupuesto y Cuenta Pública de la Cámara baja votará el Proyecto de Dictamen del Presupuesto de Egresos, que prevé un recorte por 13 mil 262 millones 399 mil 680 pesos.</p>
