{"id":601194,"date":"2023-11-10T01:41:22","date_gmt":"2023-11-10T07:41:22","guid":{"rendered":"https:\/\/www.diarioimagen.net\/wp-content\/uploads\/2023\/11\/APRUEBAN-DIPUTADOS.jpg"},"modified":"2023-11-10T01:41:26","modified_gmt":"2023-11-10T07:41:26","slug":"aprueban-diputados-2","status":"inherit","type":"attachment","link":"https:\/\/www.diarioimagen.net\/?attachment_id=601194","title":{"rendered":"APRUEBAN-DIPUTADOS"},"author":3,"featured_media":0,"comment_status":"open","ping_status":"closed","template":"","meta":{"_monsterinsights_skip_tracking":false,"_monsterinsights_sitenote_active":false,"_monsterinsights_sitenote_note":"","_monsterinsights_sitenote_category":0},"class_list":["post-601194","attachment","type-attachment","status-inherit","hentry"],"description":{"rendered":"<p class=\"attachment\"><a href='https:\/\/www.diarioimagen.net\/wp-content\/uploads\/2023\/11\/APRUEBAN-DIPUTADOS.jpg'><img loading=\"lazy\" decoding=\"async\" width=\"240\" height=\"141\" src=\"https:\/\/www.diarioimagen.net\/wp-content\/uploads\/2023\/11\/APRUEBAN-DIPUTADOS.jpg\" class=\"attachment-medium size-medium\" alt=\"\" \/><\/a><\/p>\n"},"caption":{"rendered":"<p>La C\u00e1mara de Diputados aprob\u00f3 el Presupuesto de Egresos de la Federaci\u00f3n para 2024 por un monto final de 9 billones 66 mil 45 millones, y recortes por 46 mil 266 millones.<\/p>\n"},"alt_text":"","media_type":"image","mime_type":"image\/jpeg","media_details":{"width":460,"height":270,"file":"2023\/11\/APRUEBAN-DIPUTADOS.jpg","filesize":86781,"sizes":{},"image_meta":{"aperture":"0","credit":"","camera":"","caption":"","created_timestamp":"0","copyright":"","focal_length":"0","iso":"0","shutter_speed":"0","title":"","orientation":"0","keywords":[]}},"post":601122,"source_url":"https:\/\/www.diarioimagen.net\/wp-content\/uploads\/2023\/11\/APRUEBAN-DIPUTADOS.jpg","_links":{"self":[{"href":"https:\/\/www.diarioimagen.net\/index.php?rest_route=\/wp\/v2\/media\/601194","targetHints":{"allow":["GET"]}}],"collection":[{"href":"https:\/\/www.diarioimagen.net\/index.php?rest_route=\/wp\/v2\/media"}],"about":[{"href":"https:\/\/www.diarioimagen.net\/index.php?rest_route=\/wp\/v2\/types\/attachment"}],"author":[{"embeddable":true,"href":"https:\/\/www.diarioimagen.net\/index.php?rest_route=\/wp\/v2\/users\/3"}],"replies":[{"embeddable":true,"href":"https:\/\/www.diarioimagen.net\/index.php?rest_route=%2Fwp%2Fv2%2Fcomments&post=601194"}]}}

<p>La Cámara de Diputados aprobó el Presupuesto de Egresos de la Federación para 2024 por un monto final de 9 billones 66 mil 45 millones, y recortes por 46 mil 266 millones.</p>
