{"id":601718,"date":"2023-11-16T01:07:37","date_gmt":"2023-11-16T07:07:37","guid":{"rendered":"https:\/\/www.diarioimagen.net\/wp-content\/uploads\/2023\/11\/uaem-sede-semana.jpg"},"modified":"2023-11-16T01:07:41","modified_gmt":"2023-11-16T07:07:41","slug":"uaem-sede-semana","status":"inherit","type":"attachment","link":"https:\/\/www.diarioimagen.net\/?attachment_id=601718","title":{"rendered":"uaem-sede-semana"},"author":3,"featured_media":0,"comment_status":"open","ping_status":"closed","template":"","meta":{"_monsterinsights_skip_tracking":false,"_monsterinsights_sitenote_active":false,"_monsterinsights_sitenote_note":"","_monsterinsights_sitenote_category":0},"class_list":["post-601718","attachment","type-attachment","status-inherit","hentry"],"description":{"rendered":"<p class=\"attachment\"><a href='https:\/\/www.diarioimagen.net\/wp-content\/uploads\/2023\/11\/uaem-sede-semana.jpg'><img loading=\"lazy\" decoding=\"async\" width=\"240\" height=\"141\" src=\"https:\/\/www.diarioimagen.net\/wp-content\/uploads\/2023\/11\/uaem-sede-semana.jpg\" class=\"attachment-medium size-medium\" alt=\"\" \/><\/a><\/p>\n"},"caption":{"rendered":"<p>La UAEM\u00e9x, a trav\u00e9s de la FCPyS, es una de las tres sedes donde se desarrollar\u00e1 la Semana Nacional contra la Corrupci\u00f3n<\/p>\n"},"alt_text":"","media_type":"image","mime_type":"image\/jpeg","media_details":{"width":460,"height":270,"file":"2023\/11\/uaem-sede-semana.jpg","filesize":52925,"sizes":{},"image_meta":{"aperture":"0","credit":"","camera":"","caption":"","created_timestamp":"0","copyright":"","focal_length":"0","iso":"0","shutter_speed":"0","title":"","orientation":"0","keywords":[]}},"post":601642,"source_url":"https:\/\/www.diarioimagen.net\/wp-content\/uploads\/2023\/11\/uaem-sede-semana.jpg","_links":{"self":[{"href":"https:\/\/www.diarioimagen.net\/index.php?rest_route=\/wp\/v2\/media\/601718","targetHints":{"allow":["GET"]}}],"collection":[{"href":"https:\/\/www.diarioimagen.net\/index.php?rest_route=\/wp\/v2\/media"}],"about":[{"href":"https:\/\/www.diarioimagen.net\/index.php?rest_route=\/wp\/v2\/types\/attachment"}],"author":[{"embeddable":true,"href":"https:\/\/www.diarioimagen.net\/index.php?rest_route=\/wp\/v2\/users\/3"}],"replies":[{"embeddable":true,"href":"https:\/\/www.diarioimagen.net\/index.php?rest_route=%2Fwp%2Fv2%2Fcomments&post=601718"}]}}

<p>La UAEMéx, a través de la FCPyS, es una de las tres sedes donde se desarrollará la Semana Nacional contra la Corrupción</p>
