{"id":601994,"date":"2023-11-19T23:55:45","date_gmt":"2023-11-20T05:55:45","guid":{"rendered":"https:\/\/www.diarioimagen.net\/wp-content\/uploads\/2023\/11\/EXTORSIONES.jpg"},"modified":"2023-11-19T23:55:52","modified_gmt":"2023-11-20T05:55:52","slug":"extorsiones-2","status":"inherit","type":"attachment","link":"https:\/\/www.diarioimagen.net\/?attachment_id=601994","title":{"rendered":"EXTORSIONES"},"author":3,"featured_media":0,"comment_status":"open","ping_status":"closed","template":"","meta":{"_monsterinsights_skip_tracking":false,"_monsterinsights_sitenote_active":false,"_monsterinsights_sitenote_note":"","_monsterinsights_sitenote_category":0},"class_list":["post-601994","attachment","type-attachment","status-inherit","hentry"],"description":{"rendered":"<p class=\"attachment\"><a href='https:\/\/www.diarioimagen.net\/wp-content\/uploads\/2023\/11\/EXTORSIONES.jpg'><img loading=\"lazy\" decoding=\"async\" width=\"240\" height=\"141\" src=\"https:\/\/www.diarioimagen.net\/wp-content\/uploads\/2023\/11\/EXTORSIONES.jpg\" class=\"attachment-medium size-medium\" alt=\"\" \/><\/a><\/p>\n"},"caption":{"rendered":"<p>A\u00f1o con a\u00f1o se incrementa el uso de equipos telef\u00f3nicos entre la poblaci\u00f3n penitenciaria en M\u00e9xico, de acuerdo a un estudio del Instituto Federal de Telecomunicaciones.<\/p>\n"},"alt_text":"","media_type":"image","mime_type":"image\/jpeg","media_details":{"width":460,"height":270,"file":"2023\/11\/EXTORSIONES.jpg","filesize":37150,"sizes":{},"image_meta":{"aperture":"0","credit":"","camera":"","caption":"","created_timestamp":"0","copyright":"","focal_length":"0","iso":"0","shutter_speed":"0","title":"","orientation":"0","keywords":[]}},"post":601925,"source_url":"https:\/\/www.diarioimagen.net\/wp-content\/uploads\/2023\/11\/EXTORSIONES.jpg","_links":{"self":[{"href":"https:\/\/www.diarioimagen.net\/index.php?rest_route=\/wp\/v2\/media\/601994","targetHints":{"allow":["GET"]}}],"collection":[{"href":"https:\/\/www.diarioimagen.net\/index.php?rest_route=\/wp\/v2\/media"}],"about":[{"href":"https:\/\/www.diarioimagen.net\/index.php?rest_route=\/wp\/v2\/types\/attachment"}],"author":[{"embeddable":true,"href":"https:\/\/www.diarioimagen.net\/index.php?rest_route=\/wp\/v2\/users\/3"}],"replies":[{"embeddable":true,"href":"https:\/\/www.diarioimagen.net\/index.php?rest_route=%2Fwp%2Fv2%2Fcomments&post=601994"}]}}

<p>Año con año se incrementa el uso de equipos telefónicos entre la población penitenciaria en México, de acuerdo a un estudio del Instituto Federal de Telecomunicaciones.</p>
