{"id":602418,"date":"2023-11-23T01:31:10","date_gmt":"2023-11-23T07:31:10","guid":{"rendered":"https:\/\/www.diarioimagen.net\/wp-content\/uploads\/2023\/11\/zully-martinez.jpg"},"modified":"2023-11-23T01:31:15","modified_gmt":"2023-11-23T07:31:15","slug":"zully-martinez","status":"inherit","type":"attachment","link":"https:\/\/www.diarioimagen.net\/?attachment_id=602418","title":{"rendered":"zully-martinez"},"author":3,"featured_media":0,"comment_status":"open","ping_status":"closed","template":"","meta":{"_monsterinsights_skip_tracking":false,"_monsterinsights_sitenote_active":false,"_monsterinsights_sitenote_note":"","_monsterinsights_sitenote_category":0},"class_list":["post-602418","attachment","type-attachment","status-inherit","hentry"],"description":{"rendered":"<p class=\"attachment\"><a href='https:\/\/www.diarioimagen.net\/wp-content\/uploads\/2023\/11\/zully-martinez.jpg'><img loading=\"lazy\" decoding=\"async\" width=\"240\" height=\"141\" src=\"https:\/\/www.diarioimagen.net\/wp-content\/uploads\/2023\/11\/zully-martinez.jpg\" class=\"attachment-medium size-medium\" alt=\"\" \/><\/a><\/p>\n"},"caption":{"rendered":"<p>Zully Mart\u00ednez agradeci\u00f3 las muestras de apoyo de diversos sectores, ante quienes se comprometi\u00f3 a seguir impulsando y empoderando a no s\u00f3lo a la iniciativa privada, sino a todos los tlalnepantlenses.<\/p>\n"},"alt_text":"","media_type":"image","mime_type":"image\/jpeg","media_details":{"width":460,"height":270,"file":"2023\/11\/zully-martinez.jpg","filesize":80869,"sizes":{},"image_meta":{"aperture":"0","credit":"","camera":"","caption":"","created_timestamp":"0","copyright":"","focal_length":"0","iso":"0","shutter_speed":"0","title":"","orientation":"0","keywords":[]}},"post":602362,"source_url":"https:\/\/www.diarioimagen.net\/wp-content\/uploads\/2023\/11\/zully-martinez.jpg","_links":{"self":[{"href":"https:\/\/www.diarioimagen.net\/index.php?rest_route=\/wp\/v2\/media\/602418","targetHints":{"allow":["GET"]}}],"collection":[{"href":"https:\/\/www.diarioimagen.net\/index.php?rest_route=\/wp\/v2\/media"}],"about":[{"href":"https:\/\/www.diarioimagen.net\/index.php?rest_route=\/wp\/v2\/types\/attachment"}],"author":[{"embeddable":true,"href":"https:\/\/www.diarioimagen.net\/index.php?rest_route=\/wp\/v2\/users\/3"}],"replies":[{"embeddable":true,"href":"https:\/\/www.diarioimagen.net\/index.php?rest_route=%2Fwp%2Fv2%2Fcomments&post=602418"}]}}

<p>Zully Martínez agradeció las muestras de apoyo de diversos sectores, ante quienes se comprometió a seguir impulsando y empoderando a no sólo a la iniciativa privada, sino a todos los tlalnepantlenses.</p>
